CRAN Package Check Results for Package NlinTS

Last updated on 2022-06-26 06:50:43 CEST.

Flavor Version Tinstall Tcheck Ttotal Status Flags
r-devel-linux-x86_64-debian-clang 1.4.5 137.67 55.57 193.24 OK
r-devel-linux-x86_64-debian-gcc 1.4.5 108.49 42.21 150.70 OK
r-devel-linux-x86_64-fedora-clang 1.4.5 307.76 NOTE
r-devel-linux-x86_64-fedora-gcc 1.4.5 261.52 OK
r-devel-windows-x86_64 1.4.5 112.00 101.00 213.00 OK
r-patched-linux-x86_64 1.4.5 116.44 52.52 168.96 OK
r-release-linux-x86_64 1.4.5 120.67 53.35 174.02 OK
r-release-macos-arm64 1.4.5 67.00 NOTE
r-release-macos-x86_64 1.4.5 83.00 NOTE
r-release-windows-x86_64 1.4.5 113.00 102.00 215.00 OK
r-oldrel-macos-arm64 1.4.5 75.00 NOTE
r-oldrel-macos-x86_64 1.4.5 119.00 NOTE
r-oldrel-windows-ix86+x86_64 1.4.5 324.00 108.00 432.00 OK

Check Details

Version: 1.4.5
Check: installed package size
Result: NOTE
     installed size is 6.2Mb
     sub-directories of 1Mb or more:
     libs 6.0Mb
Flavors: r-devel-linux-x86_64-fedora-clang, r-release-macos-arm64, r-release-macos-x86_64, r-oldrel-macos-arm64, r-oldrel-macos-x86_64