CRAN Package Check Results for Package NlinTS

Last updated on 2024-05-23 06:57:57 CEST.

Flavor Version Tinstall Tcheck Ttotal Status Flags
r-devel-linux-x86_64-debian-clang 1.4.5 152.47 59.41 211.88 NOTE
r-devel-linux-x86_64-debian-gcc 1.4.5 98.04 43.44 141.48 NOTE
r-devel-linux-x86_64-fedora-clang 1.4.5 313.45 NOTE
r-devel-linux-x86_64-fedora-gcc 1.4.5 302.37 NOTE
r-devel-windows-x86_64 1.4.5 112.00 80.00 192.00 NOTE
r-patched-linux-x86_64 1.4.5 147.69 55.99 203.68 NOTE
r-release-linux-x86_64 1.4.5 141.87 54.68 196.55 NOTE
r-release-macos-arm64 1.4.5 58.00 NOTE
r-release-windows-x86_64 1.4.5 109.00 86.00 195.00 NOTE
r-oldrel-macos-arm64 1.4.5 73.00 NOTE
r-oldrel-macos-x86_64 1.4.5 120.00 NOTE
r-oldrel-windows-x86_64 1.4.5 137.00 93.00 230.00 NOTE

Check Details

Version: 1.4.5
Check: C++ specification
Result: NOTE Specified C++11: please drop specification unless essential Flavors: r-devel-linux-x86_64-debian-clang, r-devel-linux-x86_64-debian-gcc, r-devel-linux-x86_64-fedora-clang, r-devel-linux-x86_64-fedora-gcc, r-devel-windows-x86_64, r-patched-linux-x86_64, r-release-linux-x86_64, r-release-macos-arm64, r-release-windows-x86_64, r-oldrel-macos-arm64, r-oldrel-macos-x86_64, r-oldrel-windows-x86_64

Version: 1.4.5
Check: installed package size
Result: NOTE installed size is 8.2Mb sub-directories of 1Mb or more: libs 8.0Mb Flavors: r-release-macos-arm64, r-oldrel-macos-arm64, r-oldrel-macos-x86_64