CRAN Package Check Results for Package NormalBetaPrime

Last updated on 2021-01-16 06:51:17 CET.

Flavor Version Tinstall Tcheck Ttotal Status Flags
r-devel-linux-x86_64-debian-clang 2.2 11.25 93.51 104.76 OK
r-devel-linux-x86_64-debian-gcc 2.2 9.00 70.18 79.18 OK
r-devel-linux-x86_64-fedora-clang 2.2 129.78 NOTE
r-devel-linux-x86_64-fedora-gcc 2.2 121.55 OK
r-devel-windows-ix86+x86_64 2.2 15.00 88.00 103.00 OK
r-patched-linux-x86_64 2.2 9.48 93.05 102.53 OK
r-patched-solaris-x86 2.2 181.90 NOTE
r-release-linux-x86_64 2.2 9.93 92.16 102.09 OK
r-release-macos-x86_64 2.2 NOTE
r-release-windows-ix86+x86_64 2.2 17.00 98.00 115.00 OK
r-oldrel-macos-x86_64 2.2 NOTE
r-oldrel-windows-ix86+x86_64 2.2 18.00 114.00 132.00 OK

Check Details

Version: 2.2
Check: installed package size
Result: NOTE
     installed size is 5.1Mb
     sub-directories of 1Mb or more:
     data 4.8Mb
Flavors: r-devel-linux-x86_64-fedora-clang, r-patched-solaris-x86, r-release-macos-x86_64, r-oldrel-macos-x86_64