CRAN Package Check Results for Package Numero

Last updated on 2021-06-19 06:48:16 CEST.

Flavor Version Tinstall Tcheck Ttotal Status Flags
r-devel-linux-x86_64-debian-clang 1.8.0 407.83 85.49 493.32 NOTE
r-devel-linux-x86_64-debian-gcc 1.8.0 252.58 66.18 318.76 NOTE
r-devel-linux-x86_64-fedora-clang 1.8.0 854.07 NOTE
r-devel-linux-x86_64-fedora-gcc 1.8.0 613.07 NOTE
r-devel-windows-x86_64 1.8.0 503.00 106.00 609.00 NOTE
r-devel-windows-x86_64-gcc10-UCRT 1.8.0 NOTE
r-patched-linux-x86_64 1.8.0 308.08 86.39 394.47 NOTE
r-patched-solaris-x86 1.8.0 539.70 NOTE
r-release-linux-x86_64 1.8.0 307.92 85.51 393.43 NOTE
r-release-macos-arm64 1.8.0 NOTE
r-release-macos-x86_64 1.8.0 NOTE
r-release-windows-ix86+x86_64 1.8.0 971.00 177.00 1148.00 NOTE
r-oldrel-macos-x86_64 1.8.0 NOTE
r-oldrel-windows-ix86+x86_64 1.8.0 768.00 174.00 942.00 NOTE

Check Details

Version: 1.8.0
Check: LazyData
Result: NOTE
     'LazyData' is specified without a 'data' directory
Flavors: r-devel-linux-x86_64-debian-clang, r-devel-linux-x86_64-debian-gcc, r-devel-linux-x86_64-fedora-clang, r-devel-linux-x86_64-fedora-gcc, r-devel-windows-x86_64, r-devel-windows-x86_64-gcc10-UCRT, r-patched-linux-x86_64, r-patched-solaris-x86, r-release-linux-x86_64, r-release-macos-arm64, r-release-macos-x86_64, r-release-windows-ix86+x86_64

Version: 1.8.0
Check: installed package size
Result: NOTE
     installed size is 23.3Mb
     sub-directories of 1Mb or more:
     doc 5.4Mb
     libs 17.4Mb
Flavors: r-devel-linux-x86_64-fedora-clang, r-devel-windows-x86_64, r-patched-solaris-x86, r-release-macos-arm64, r-release-macos-x86_64, r-release-windows-ix86+x86_64, r-oldrel-macos-x86_64, r-oldrel-windows-ix86+x86_64