Last updated on 2023-01-31 06:51:29 CET.
Flavor | Version | Tinstall | Tcheck | Ttotal | Status | Flags |
---|---|---|---|---|---|---|
r-devel-linux-x86_64-debian-clang | 1.3.2 | 4.03 | 36.39 | 40.42 | NOTE | |
r-devel-linux-x86_64-debian-gcc | 1.3.2 | 2.94 | 27.45 | 30.39 | NOTE | |
r-devel-linux-x86_64-fedora-clang | 1.3.2 | 49.85 | NOTE | |||
r-devel-linux-x86_64-fedora-gcc | 1.3.2 | 64.35 | NOTE | |||
r-devel-windows-x86_64 | 1.3.2 | 33.00 | 67.00 | 100.00 | NOTE | |
r-patched-linux-x86_64 | 1.3.2 | 6.21 | 34.07 | 40.28 | NOTE | |
r-release-linux-x86_64 | 1.3.2 | 2.38 | 35.23 | 37.61 | NOTE | |
r-release-macos-arm64 | 1.3.2 | 22.00 | NOTE | |||
r-release-macos-x86_64 | 1.3.2 | 27.00 | NOTE | |||
r-release-windows-x86_64 | 1.3.2 | 28.00 | 71.00 | 99.00 | NOTE | |
r-oldrel-macos-arm64 | 1.3.2 | 23.00 | NOTE | |||
r-oldrel-macos-x86_64 | 1.3.2 | 35.00 | NOTE | |||
r-oldrel-windows-ix86+x86_64 | 1.3.2 | 7.00 | 62.00 | 69.00 | NOTE |
Version: 1.3.2
Check: LazyData
Result: NOTE
'LazyData' is specified without a 'data' directory
Flavors: r-devel-linux-x86_64-debian-clang, r-devel-linux-x86_64-debian-gcc, r-devel-linux-x86_64-fedora-clang, r-devel-linux-x86_64-fedora-gcc, r-devel-windows-x86_64, r-patched-linux-x86_64, r-release-linux-x86_64, r-release-macos-arm64, r-release-macos-x86_64, r-release-windows-x86_64, r-oldrel-macos-arm64, r-oldrel-macos-x86_64, r-oldrel-windows-ix86+x86_64