Last updated on 2023-03-20 05:52:18 CET.
Flavor | Version | Tinstall | Tcheck | Ttotal | Status | Flags |
---|---|---|---|---|---|---|
r-devel-linux-x86_64-debian-clang | 0.5.3 | OK | ||||
r-devel-linux-x86_64-debian-gcc | 0.5.3 | 2.35 | 23.81 | 26.16 | OK | |
r-devel-linux-x86_64-fedora-clang | 0.5.3 | 43.03 | NOTE | |||
r-devel-linux-x86_64-fedora-gcc | 0.5.3 | 54.43 | NOTE | |||
r-devel-windows-x86_64 | 0.5.3 | 13.00 | 66.00 | 79.00 | OK | |
r-patched-linux-x86_64 | 0.5.3 | 3.75 | 30.60 | 34.35 | OK | |
r-release-linux-x86_64 | 0.5.3 | 3.53 | 30.02 | 33.55 | OK | |
r-release-macos-arm64 | 0.5.3 | 21.00 | NOTE | |||
r-release-macos-x86_64 | 0.5.3 | 29.00 | NOTE | |||
r-release-windows-x86_64 | 0.5.3 | 15.00 | 70.00 | 85.00 | OK | |
r-oldrel-macos-arm64 | 0.5.3 | 25.00 | NOTE | |||
r-oldrel-macos-x86_64 | 0.5.3 | 30.00 | NOTE | |||
r-oldrel-windows-ix86+x86_64 | 0.5.3 | 8.00 | 59.00 | 67.00 | OK |
Version: 0.5.3
Check: dependencies in R code
Result: NOTE
Namespace in Imports field not imported from: ‘R6’
All declared Imports should be used.
Flavors: r-devel-linux-x86_64-fedora-clang, r-devel-linux-x86_64-fedora-gcc, r-release-macos-arm64, r-release-macos-x86_64, r-oldrel-macos-arm64, r-oldrel-macos-x86_64