CRAN Package Check Results for Package OceanView

Last updated on 2021-01-16 06:51:17 CET.

Flavor Version Tinstall Tcheck Ttotal Status Flags
r-devel-linux-x86_64-debian-clang 1.0.5 13.31 119.39 132.70 OK
r-devel-linux-x86_64-debian-gcc 1.0.5 10.13 93.12 103.25 OK
r-devel-linux-x86_64-fedora-clang 1.0.5 172.96 OK
r-devel-linux-x86_64-fedora-gcc 1.0.5 162.85 OK
r-devel-windows-ix86+x86_64 1.0.5 18.00 152.00 170.00 OK
r-patched-linux-x86_64 1.0.5 12.52 112.85 125.37 OK
r-patched-solaris-x86 1.0.5 217.80 OK
r-release-linux-x86_64 1.0.5 13.54 111.35 124.89 WARN
r-release-macos-x86_64 1.0.5 OK
r-release-windows-ix86+x86_64 1.0.5 20.00 158.00 178.00 OK
r-oldrel-macos-x86_64 1.0.5 WARN
r-oldrel-windows-ix86+x86_64 1.0.5 20.00 141.00 161.00 OK

Check Details

Version: 1.0.5
Check: re-building of vignette outputs
Result: WARN
    Error(s) in re-building vignettes:
     ...
    --- re-building ‘Northsea.rnw’ using Sweave
    Error: processing vignette 'Northsea.rnw' failed with diagnostics:
    Running ‘texi2dvi’ on ‘Northsea.tex’ failed.
    LaTeX errors:
    ! Undefined control sequence.
    <recently read> \Hy@colorlink
    
    l.81 \begin{document}
    
    ! Undefined control sequence.
    \close@pdflink ->\Hy@endcolorlink
     \Hy@VerboseLinkStop \pdfendlink
    l.81 \begin{document}
    
    ! Undefined control sequence.
    <recently read> \Hy@colorlink
    
    l.81 \begin{document}
    
    ! Undefined control sequence.
    \close@pdflink ->\Hy@endcolorlink
     \Hy@VerboseLinkStop \pdfendlink
    l.81 \begin{document}
    
    ! Undefined control sequence.
    <recently read> \Hy@colorlink
    
    l.81 \begin{document}
    
    ! Undefined control sequence.
    \close@pdflink ->\Hy@endcolorlink
     \Hy@VerboseLinkStop \pdfendlink
    l.81 \begin{document}
    
    ! Undefined control sequence.
    <recently read> \Hy@colorlink
    
    l.81 \begin{document}
    
    ! Undefined control sequence.
    \close@pdflink ->\Hy@endcolorlink
     \Hy@VerboseLinkStop \pdfendlink
    l.81 \begin{document}
    
    ! Undefined control sequence.
    <recently read> \Hy@colorlink
    
    l.81 \begin{document}
    
    ! Undefined control sequence.
    \close@pdflink ->\Hy@endcolorlink
     \Hy@VerboseLinkStop \pdfendlink
    l.81 \begin{document}
    
    ! Undefined control sequence.
    <recently read> \Hy@colorlink
    
    l.81 \begin{document}
    
    ! Undefined control sequence.
    \close@pdflink ->\Hy@endcolorlink
     \Hy@VerboseLinkStop \pdfendlink
    l.81 \begin{document}
    
    ! Undefined control sequence.
    <recently read> \Hy@colorlink
    
    l.81 \begin{document}
    
    ! Undefined control sequence.
    \close@pdflink ->\Hy@endcolorlink
     \Hy@VerboseLinkStop \pdfendlink
    l.81 \begin{document}
    
    ! Undefined control sequence.
    <recently read> \Hy@colorlink
    
    l.81 \begin{document}
    
    ! Undefined control sequence.
    \close@pdflink ->\Hy@endcolorlink
     \Hy@VerboseLinkStop \pdfendlink
    l.81 \begin{document}
    
    ! Undefined control sequence.
    <recently read> \Hy@colorlink
    
    l.81 \begin{document}
    
    ! Undefined control sequence.
    \close@pdflink ->\Hy@endcolorlink
     \Hy@VerboseLinkStop \pdfendlink
    l.81 \begin{document}
    
    ! Undefined control sequence.
    <recently read> \Hy@colorlink
    
    l.81 \begin{document}
    
    ! Undefined control sequence.
    \close@pdflink ->\Hy@endcolorlink
     \Hy@VerboseLinkStop \pdfendlink
    l.81 \begin{document}
    
    --- failed re-building ‘Northsea.rnw’
    
    --- re-building ‘OceanView.rnw’ using Sweave
    Loading required package: plot3D
    Loading required package: plot3Drgl
    Loading required package: rgl
    Error: processing vignette 'OceanView.rnw' failed with diagnostics:
    Running ‘texi2dvi’ on ‘OceanView.tex’ failed.
    LaTeX errors:
    ! Undefined control sequence.
    <recently read> \Hy@colorlink
    
    l.87 \begin{document}
    
    ! Undefined control sequence.
    \close@pdflink ->\Hy@endcolorlink
     \Hy@VerboseLinkStop \pdfendlink
    l.87 \begin{document}
    
    ! Undefined control sequence.
    <recently read> \Hy@colorlink
    
    l.87 \begin{document}
    
    ! Undefined control sequence.
    \close@pdflink ->\Hy@endcolorlink
     \Hy@VerboseLinkStop \pdfendlink
    l.87 \begin{document}
    
    ! Undefined control sequence.
    <recently read> \Hy@colorlink
    
    l.87 \begin{document}
    
    ! Undefined control sequence.
    \close@pdflink ->\Hy@endcolorlink
     \Hy@VerboseLinkStop \pdfendlink
    l.87 \begin{document}
    
    ! Undefined control sequence.
    <recently read> \Hy@colorlink
    
    l.87 \begin{document}
    
    ! Undefined control sequence.
    \close@pdflink ->\Hy@endcolorlink
     \Hy@VerboseLinkStop \pdfendlink
    l.87 \begin{document}
    
    ! Undefined control sequence.
    <recently read> \Hy@colorlink
    
    l.87 \begin{document}
    
    ! Undefined control sequence.
    \close@pdflink ->\Hy@endcolorlink
     \Hy@VerboseLinkStop \pdfendlink
    l.87 \begin{document}
    
    ! Undefined control sequence.
    <recently read> \Hy@colorlink
    
    l.87 \begin{document}
    
    ! Undefined control sequence.
    \close@pdflink ->\Hy@endcolorlink
     \Hy@VerboseLinkStop \pdfendlink
    l.87 \begin{document}
    
    ! Undefined control sequence.
    <recently read> \Hy@colorlink
    
    l.87 \begin{document}
    
    ! Undefined control sequence.
    \close@pdflink ->\Hy@endcolorlink
     \Hy@VerboseLinkStop \pdfendlink
    l.87 \begin{document}
    
    ! Undefined control sequence.
    <recently read> \Hy@colorlink
    
    l.87 \begin{document}
    
    ! Undefined control sequence.
    \close@pdflink ->\Hy@endcolorlink
     \Hy@VerboseLinkStop \pdfendlink
    l.87 \begin{document}
    
    ! Undefined control sequence.
    \hyper@linkurl ...tionraw >>}\relax \Hy@colorlink
     \@urlcolor #1\Hy@xspace@en...
    l.87 \begin{document}
    
    ! Undefined control sequence.
    \close@pdflink ->\Hy@endcolorlink
     \Hy@VerboseLinkStop \pdfendlink
    l.87 \begin{document}
    
    --- failed re-building ‘OceanView.rnw’
    
    SUMMARY: processing the following files failed:
     ‘Northsea.rnw’ ‘OceanView.rnw’
    
    Error: Vignette re-building failed.
    Execution halted
Flavor: r-release-linux-x86_64

Version: 1.0.5
Check: whether package can be installed
Result: WARN
    Found the following significant warnings:
     Warning: 'rgl_init' failed, running with rgl.useNULL = TRUE
Flavor: r-oldrel-macos-x86_64

Version: 1.0.5
Check: dependencies in R code
Result: NOTE
    No protocol specified
Flavor: r-oldrel-macos-x86_64

Version: 1.0.5
Check: S3 generic/method consistency
Result: WARN
    No protocol specified
    See section ‘Generic functions and methods’ in the ‘Writing R
    Extensions’ manual.
Flavor: r-oldrel-macos-x86_64

Version: 1.0.5
Check: replacement functions
Result: WARN
    No protocol specified
    The argument of a replacement function which corresponds to the right
    hand side must be named ‘value’.
Flavor: r-oldrel-macos-x86_64

Version: 1.0.5
Check: foreign function calls
Result: NOTE
    No protocol specified
    See chapter ‘System and foreign language interfaces’ in the ‘Writing R
    Extensions’ manual.
Flavor: r-oldrel-macos-x86_64

Version: 1.0.5
Check: R code for possible problems
Result: NOTE
    No protocol specified
Flavor: r-oldrel-macos-x86_64

Version: 1.0.5
Check: for missing documentation entries
Result: WARN
    No protocol specified
    All user-level objects in a package should have documentation entries.
    See chapter ‘Writing R documentation files’ in the ‘Writing R
    Extensions’ manual.
Flavor: r-oldrel-macos-x86_64

Version: 1.0.5
Check: for code/documentation mismatches
Result: WARN
    No protocol specified
    No protocol specified
    No protocol specified
Flavor: r-oldrel-macos-x86_64

Version: 1.0.5
Check: Rd \usage sections
Result: NOTE
    No protocol specified
    The \usage entries for S3 methods should use the \method markup and not
    their full name.
    See chapter ‘Writing R documentation files’ in the ‘Writing R
    Extensions’ manual.
Flavor: r-oldrel-macos-x86_64