CRAN Package Check Results for Package OjaNP

Last updated on 2021-06-19 06:48:16 CEST.

Flavor Version Tinstall Tcheck Ttotal Status Flags
r-devel-linux-x86_64-debian-clang 1.0-0 81.40 76.12 157.52 OK
r-devel-linux-x86_64-debian-gcc 1.0-0 51.27 58.51 109.78 OK
r-devel-linux-x86_64-fedora-clang 1.0-0 241.65 OK
r-devel-linux-x86_64-fedora-gcc 1.0-0 190.33 OK
r-devel-windows-x86_64 1.0-0 97.00 82.00 179.00 OK
r-devel-windows-x86_64-gcc10-UCRT 1.0-0 OK
r-patched-linux-x86_64 1.0-0 61.67 73.42 135.09 OK
r-patched-solaris-x86 1.0-0 207.90 OK
r-release-linux-x86_64 1.0-0 63.41 73.31 136.72 OK
r-release-macos-arm64 1.0-0 NOTE
r-release-macos-x86_64 1.0-0 OK
r-release-windows-ix86+x86_64 1.0-0 188.00 107.00 295.00 OK
r-oldrel-macos-x86_64 1.0-0 OK
r-oldrel-windows-ix86+x86_64 1.0-0 140.00 137.00 277.00 OK

Check Details

Version: 1.0-0
Check: installed package size
Result: NOTE
     installed size is 5.2Mb
     sub-directories of 1Mb or more:
     libs 4.9Mb
Flavor: r-release-macos-arm64