CRAN Package Check Results for Package OpenStreetMap

Last updated on 2020-09-22 06:47:35 CEST.

Flavor Version Tinstall Tcheck Ttotal Status Flags
r-devel-linux-x86_64-debian-clang 0.3.4 13.54 106.59 120.13 OK
r-devel-linux-x86_64-debian-gcc 0.3.4 0.44 2.15 2.59 ERROR
r-devel-linux-x86_64-fedora-clang 0.3.4 159.84 OK
r-devel-linux-x86_64-fedora-gcc 0.3.4 153.14 OK
r-devel-windows-ix86+x86_64 0.3.4 33.00 124.00 157.00 OK
r-patched-linux-x86_64 0.3.4 11.67 101.03 112.70 OK
r-patched-solaris-x86 0.3.4 210.40 OK
r-release-linux-x86_64 0.3.4 13.80 101.98 115.78 OK
r-release-macos-x86_64 0.3.4 OK
r-release-windows-ix86+x86_64 0.3.4 30.00 130.00 160.00 OK
r-oldrel-macos-x86_64 0.3.4 OK
r-oldrel-windows-ix86+x86_64 0.3.4 17.00 106.00 123.00 OK

Check Details

Version: 0.3.4
Check: whether package can be installed
Result: ERROR
    Installation failed.
Flavor: r-devel-linux-x86_64-debian-gcc