CRAN Package Check Results for Package OptCirClust

Last updated on 2021-06-13 06:49:57 CEST.

Flavor Version Tinstall Tcheck Ttotal Status Flags
r-devel-linux-x86_64-debian-clang 0.0.3 21.11 55.21 76.32 NOTE
r-devel-linux-x86_64-debian-gcc 0.0.3 13.89 43.53 57.42 NOTE
r-devel-linux-x86_64-fedora-clang 0.0.3 106.30 NOTE
r-devel-linux-x86_64-fedora-gcc 0.0.3 92.15 NOTE
r-devel-windows-x86_64 0.0.3 30.00 96.00 126.00 NOTE
r-devel-windows-x86_64-gcc10-UCRT 0.0.3 NOTE
r-patched-linux-x86_64 0.0.3 16.19 53.85 70.04 NOTE
r-patched-solaris-x86 0.0.3 126.30 NOTE
r-release-linux-x86_64 0.0.3 16.43 54.26 70.69 NOTE
r-release-macos-arm64 0.0.3 NOTE
r-release-macos-x86_64 0.0.3 NOTE
r-release-windows-ix86+x86_64 0.0.3 42.00 115.00 157.00 NOTE
r-oldrel-macos-x86_64 0.0.3 OK
r-oldrel-windows-ix86+x86_64 0.0.3 40.00 108.00 148.00 OK

Check Details

Version: 0.0.3
Check: LazyData
Result: NOTE
     'LazyData' is specified without a 'data' directory
Flavors: r-devel-linux-x86_64-debian-clang, r-devel-linux-x86_64-debian-gcc, r-devel-linux-x86_64-fedora-clang, r-devel-linux-x86_64-fedora-gcc, r-devel-windows-x86_64, r-devel-windows-x86_64-gcc10-UCRT, r-patched-linux-x86_64, r-patched-solaris-x86, r-release-linux-x86_64, r-release-macos-arm64, r-release-macos-x86_64, r-release-windows-ix86+x86_64