CRAN Package Check Results for Package OptimalDesign

Last updated on 2022-07-02 07:07:05 CEST.

Flavor Version Tinstall Tcheck Ttotal Status Flags
r-devel-linux-x86_64-debian-clang 1.0.1 12.36 65.97 78.33 NOTE
r-devel-linux-x86_64-debian-gcc 1.0.1 9.46 48.95 58.41 NOTE
r-devel-linux-x86_64-fedora-clang 1.0.1 99.23 NOTE
r-devel-linux-x86_64-fedora-gcc 1.0.1 99.51 NOTE
r-devel-windows-x86_64 1.0.1 58.00 85.00 143.00 NOTE
r-patched-linux-x86_64 1.0.1 10.08 62.71 72.79 NOTE
r-release-linux-x86_64 1.0.1 9.97 61.58 71.55 NOTE
r-release-macos-arm64 1.0.1 29.00 NOTE
r-release-macos-x86_64 1.0.1 38.00 NOTE
r-release-windows-x86_64 1.0.1 71.00 84.00 155.00 NOTE
r-oldrel-macos-arm64 1.0.1 33.00 NOTE
r-oldrel-macos-x86_64 1.0.1 51.00 NOTE
r-oldrel-windows-ix86+x86_64 1.0.1 19.00 87.00 106.00 NOTE

Check Details

Version: 1.0.1
Check: package dependencies
Result: NOTE
    Package which this enhances but not available for checking: 'gurobi'
Flavors: r-devel-linux-x86_64-debian-clang, r-devel-linux-x86_64-debian-gcc, r-devel-linux-x86_64-fedora-clang, r-devel-linux-x86_64-fedora-gcc, r-devel-windows-x86_64, r-patched-linux-x86_64, r-release-linux-x86_64, r-release-macos-arm64, r-release-macos-x86_64, r-release-windows-x86_64, r-oldrel-macos-arm64, r-oldrel-macos-x86_64, r-oldrel-windows-ix86+x86_64

Version: 1.0.1
Check: LazyData
Result: NOTE
     'LazyData' is specified without a 'data' directory
Flavors: r-devel-linux-x86_64-debian-clang, r-devel-linux-x86_64-debian-gcc, r-devel-linux-x86_64-fedora-clang, r-devel-linux-x86_64-fedora-gcc, r-devel-windows-x86_64, r-patched-linux-x86_64, r-release-linux-x86_64, r-release-macos-arm64, r-release-macos-x86_64, r-release-windows-x86_64, r-oldrel-macos-arm64, r-oldrel-macos-x86_64, r-oldrel-windows-ix86+x86_64