CRAN Package Check Results for Package OrdFacReg

Last updated on 2024-02-24 06:50:44 CET.

Flavor Version Tinstall Tcheck Ttotal Status Flags
r-devel-linux-x86_64-debian-clang 1.0.6 6.98 71.72 78.70 NOTE
r-devel-linux-x86_64-debian-gcc 1.0.6 6.30 56.08 62.38 NOTE
r-devel-linux-x86_64-fedora-clang 1.0.6 103.69 NOTE
r-devel-linux-x86_64-fedora-gcc 1.0.6 100.38 NOTE
r-devel-windows-x86_64 1.0.6 8.00 71.00 79.00 OK
r-patched-linux-x86_64 1.0.6 9.12 71.01 80.13 OK
r-release-linux-x86_64 1.0.6 6.89 71.25 78.14 OK
r-release-macos-arm64 1.0.6 35.00 OK
r-release-macos-x86_64 1.0.6 55.00 OK
r-release-windows-x86_64 1.0.6 10.00 78.00 88.00 OK
r-oldrel-macos-arm64 1.0.6 33.00 OK
r-oldrel-windows-x86_64 1.0.6 9.00 85.00 94.00 OK

Check Details

Version: 1.0.6
Check: Rd files
Result: NOTE checkRd: (-1) internal.Rd:26-27: Lost braces in \itemize; meant \describe ? checkRd: (-1) internal.Rd:29-31: Lost braces in \itemize; meant \describe ? checkRd: (-1) internal.Rd:33: Lost braces in \itemize; meant \describe ? checkRd: (-1) internal.Rd:35: Lost braces in \itemize; meant \describe ? checkRd: (-1) internal.Rd:37-38: Lost braces in \itemize; meant \describe ? checkRd: (-1) internal.Rd:40-41: Lost braces in \itemize; meant \describe ? checkRd: (-1) internal.Rd:43-44: Lost braces in \itemize; meant \describe ? checkRd: (-1) internal.Rd:46: Lost braces in \itemize; meant \describe ? checkRd: (-1) internal.Rd:48: Lost braces in \itemize; meant \describe ? checkRd: (-1) internal.Rd:50: Lost braces in \itemize; meant \describe ? checkRd: (-1) internal.Rd:52: Lost braces in \itemize; meant \describe ? checkRd: (-1) internal.Rd:54: Lost braces in \itemize; meant \describe ? checkRd: (-1) internal.Rd:56-57: Lost braces in \itemize; meant \describe ? checkRd: (-1) internal.Rd:59-60: Lost braces in \itemize; meant \describe ? checkRd: (-1) internal.Rd:62-63: Lost braces in \itemize; meant \describe ? checkRd: (-1) internal.Rd:65-66: Lost braces in \itemize; meant \describe ? checkRd: (-1) internal.Rd:68: Lost braces in \itemize; meant \describe ? checkRd: (-1) internal.Rd:70: Lost braces in \itemize; meant \describe ? Flavors: r-devel-linux-x86_64-debian-clang, r-devel-linux-x86_64-debian-gcc, r-devel-linux-x86_64-fedora-clang, r-devel-linux-x86_64-fedora-gcc