Last updated on 2025-01-22 07:50:32 CET.
Flavor | Version | Tinstall | Tcheck | Ttotal | Status | Flags |
---|---|---|---|---|---|---|
r-devel-linux-x86_64-debian-clang | 1.2.10 | 30.96 | 220.35 | 251.31 | NOTE | |
r-devel-linux-x86_64-debian-gcc | 1.2.10 | 20.81 | 146.83 | 167.64 | NOTE | |
r-devel-linux-x86_64-fedora-clang | 1.2.10 | 400.00 | OK | |||
r-devel-linux-x86_64-fedora-gcc | 1.2.10 | 373.14 | OK | |||
r-devel-windows-x86_64 | 1.2.10 | 35.00 | 206.00 | 241.00 | NOTE | |
r-patched-linux-x86_64 | 1.2.10 | 37.73 | 194.04 | 231.77 | OK | |
r-release-linux-x86_64 | 1.2.10 | 32.33 | 195.31 | 227.64 | OK | |
r-release-macos-arm64 | 1.2.10 | 101.00 | OK | |||
r-release-macos-x86_64 | 1.2.10 | 147.00 | OK | |||
r-release-windows-x86_64 | 1.2.10 | 33.00 | 203.00 | 236.00 | OK | |
r-oldrel-macos-arm64 | 1.2.10 | 97.00 | OK | |||
r-oldrel-macos-x86_64 | 1.2.10 | 204.00 | OK | |||
r-oldrel-windows-x86_64 | 1.2.10 | 43.00 | 263.00 | 306.00 | OK |
Version: 1.2.10
Check: Rd cross-references
Result: NOTE
Found the following Rd file(s) with Rd \link{} targets missing package
anchors:
plot.PAFit_net.Rd: plot.network.default
Please provide package anchors for all Rd \link{} targets not in the
package itself and the base packages.
Flavors: r-devel-linux-x86_64-debian-clang, r-devel-linux-x86_64-debian-gcc, r-devel-windows-x86_64