Last updated on 2022-07-02 07:07:05 CEST.
Flavor | Version | Tinstall | Tcheck | Ttotal | Status | Flags |
---|---|---|---|---|---|---|
r-devel-linux-x86_64-debian-clang | 1.2-1 | 2.45 | 43.26 | 45.71 | OK | |
r-devel-linux-x86_64-debian-gcc | 1.2-1 | 3.27 | 32.35 | 35.62 | OK | |
r-devel-linux-x86_64-fedora-clang | 1.2-1 | 65.89 | OK | |||
r-devel-linux-x86_64-fedora-gcc | 1.2-1 | 65.63 | OK | |||
r-devel-windows-x86_64 | 1.2-1 | 13.00 | 64.00 | 77.00 | OK | |
r-patched-linux-x86_64 | 1.2-1 | 3.64 | 40.96 | 44.60 | OK | |
r-release-linux-x86_64 | 1.2-1 | 2.92 | 41.39 | 44.31 | OK | |
r-release-macos-arm64 | 1.2-1 | 24.00 | NOTE | |||
r-release-macos-x86_64 | 1.2-1 | 29.00 | OK | |||
r-release-windows-x86_64 | 1.2-1 | 10.00 | 70.00 | 80.00 | OK | |
r-oldrel-macos-arm64 | 1.2-1 | 15.00 | OK | |||
r-oldrel-macos-x86_64 | 1.2-1 | 28.00 | OK | |||
r-oldrel-windows-ix86+x86_64 | 1.2-1 | 9.00 | 66.00 | 75.00 | OK |
Version: 1.2-1
Check: package dependencies
Result: NOTE
Package suggested but not available for checking: ‘MKmisc’
Flavor: r-release-macos-arm64
Version: 1.2-1
Check: Rd cross-references
Result: NOTE
Package unavailable to check Rd xrefs: ‘MKmisc’
Flavor: r-release-macos-arm64