CRAN Package Check Results for Package PBSmapping

Last updated on 2022-05-28 07:05:59 CEST.

Flavor Version Tinstall Tcheck Ttotal Status Flags
r-devel-linux-x86_64-debian-clang 2.73.0 25.88 103.46 129.34 OK
r-devel-linux-x86_64-debian-gcc 2.73.0 20.04 79.15 99.19 OK
r-devel-linux-x86_64-fedora-clang 2.73.0 154.41 NOTE
r-devel-linux-x86_64-fedora-gcc 2.73.0 149.29 OK
r-devel-windows-x86_64 2.73.0 121.00 137.00 258.00 NOTE
r-patched-linux-x86_64 2.73.0 21.10 96.21 117.31 OK
r-release-linux-x86_64 2.73.0 18.98 95.26 114.24 OK
r-release-macos-arm64 2.73.0 37.00 NOTE
r-release-macos-x86_64 2.73.0 60.00 NOTE
r-release-windows-x86_64 2.73.0 138.00 142.00 280.00 NOTE
r-oldrel-macos-arm64 2.73.0 47.00 NOTE
r-oldrel-macos-x86_64 2.73.0 90.00 NOTE
r-oldrel-windows-ix86+x86_64 2.73.0 54.00 158.00 212.00 NOTE

Check Details

Version: 2.73.0
Check: installed package size
Result: NOTE
     installed size is 6.4Mb
     sub-directories of 1Mb or more:
     data 2.7Mb
     doc 1.1Mb
     libs 1.1Mb
Flavors: r-devel-linux-x86_64-fedora-clang, r-devel-windows-x86_64, r-release-macos-arm64, r-release-macos-x86_64, r-release-windows-x86_64, r-oldrel-macos-arm64, r-oldrel-macos-x86_64, r-oldrel-windows-ix86+x86_64