CRAN Package Check Results for Package PCADSC

Last updated on 2022-08-15 06:49:14 CEST.

Flavor Version Tinstall Tcheck Ttotal Status Flags
r-devel-linux-x86_64-debian-clang 0.8.0 6.08 65.62 71.70 NOTE
r-devel-linux-x86_64-debian-gcc 0.8.0 5.04 48.76 53.80 NOTE
r-devel-linux-x86_64-fedora-clang 0.8.0 93.01 NOTE
r-devel-linux-x86_64-fedora-gcc 0.8.0 92.33 NOTE
r-devel-windows-x86_64 0.8.0 13.00 85.00 98.00 NOTE
r-patched-linux-x86_64 0.8.0 6.49 61.63 68.12 NOTE
r-release-linux-x86_64 0.8.0 5.21 61.70 66.91 NOTE
r-release-macos-arm64 0.8.0 27.00 NOTE
r-release-macos-x86_64 0.8.0 48.00 NOTE
r-release-windows-x86_64 0.8.0 12.00 87.00 99.00 NOTE
r-oldrel-macos-arm64 0.8.0 30.00 NOTE
r-oldrel-macos-x86_64 0.8.0 44.00 NOTE
r-oldrel-windows-ix86+x86_64 0.8.0 15.00 81.00 96.00 NOTE

Check Details

Version: 0.8.0
Check: LazyData
Result: NOTE
     'LazyData' is specified without a 'data' directory
Flavors: r-devel-linux-x86_64-debian-clang, r-devel-linux-x86_64-debian-gcc, r-devel-linux-x86_64-fedora-clang, r-devel-linux-x86_64-fedora-gcc, r-devel-windows-x86_64, r-patched-linux-x86_64, r-release-linux-x86_64, r-release-macos-arm64, r-release-macos-x86_64, r-release-windows-x86_64, r-oldrel-macos-arm64, r-oldrel-macos-x86_64, r-oldrel-windows-ix86+x86_64

Version: 0.8.0
Check: dependencies in R code
Result: NOTE
    Namespaces in Imports field not imported from:
     ‘Matrix’ ‘pander’
     All declared Imports should be used.
Flavors: r-devel-linux-x86_64-fedora-clang, r-devel-linux-x86_64-fedora-gcc, r-release-macos-arm64, r-release-macos-x86_64, r-oldrel-macos-arm64, r-oldrel-macos-x86_64

Version: 0.8.0
Check: Rd cross-references
Result: NOTE
    Undeclared packages ‘tibble’, ‘data.table’ in Rd xrefs
Flavor: r-devel-linux-x86_64-fedora-clang