CRAN Package Check Results for Package PCMBaseCpp

Last updated on 2020-09-22 06:47:36 CEST.

Flavor Version Tinstall Tcheck Ttotal Status Flags
r-devel-linux-x86_64-debian-clang 0.1.9 147.54 381.21 528.75 OK
r-devel-linux-x86_64-debian-gcc 0.1.9 0.41 2.32 2.73 ERROR
r-devel-linux-x86_64-fedora-clang 0.1.9 673.72 NOTE
r-devel-linux-x86_64-fedora-gcc 0.1.9 699.24 OK
r-devel-windows-ix86+x86_64 0.1.9 344.00 650.00 994.00 NOTE
r-patched-linux-x86_64 0.1.9 156.04 362.19 518.23 OK
r-patched-solaris-x86 0.1.9 732.40 OK
r-release-linux-x86_64 0.1.9 157.29 365.65 522.94 OK
r-release-macos-x86_64 0.1.9 NOTE
r-release-windows-ix86+x86_64 0.1.9 337.00 718.00 1055.00 NOTE
r-oldrel-macos-x86_64 0.1.9 NOTE
r-oldrel-windows-ix86+x86_64 0.1.9 286.00 473.00 759.00 NOTE

Check Details

Version: 0.1.9
Check: whether package can be installed
Result: ERROR
    Installation failed.
Flavor: r-devel-linux-x86_64-debian-gcc

Version: 0.1.9
Check: installed package size
Result: NOTE
     installed size is 34.5Mb
     sub-directories of 1Mb or more:
     libs 33.3Mb
Flavors: r-devel-linux-x86_64-fedora-clang, r-devel-windows-ix86+x86_64, r-release-macos-x86_64, r-release-windows-ix86+x86_64, r-oldrel-macos-x86_64, r-oldrel-windows-ix86+x86_64