CRAN Package Check Results for Package PCMBaseCpp

Last updated on 2024-07-16 07:01:46 CEST.

Flavor Version Tinstall Tcheck Ttotal Status Flags
r-devel-linux-x86_64-debian-clang 0.1.9 148.06 437.14 585.20 NOTE
r-devel-linux-x86_64-debian-gcc 0.1.9 126.47 296.90 423.37 NOTE
r-devel-linux-x86_64-fedora-clang 0.1.9 716.29 NOTE
r-devel-linux-x86_64-fedora-gcc 0.1.9 808.68 NOTE
r-devel-windows-x86_64 0.1.9 122.00 308.00 430.00 NOTE
r-patched-linux-x86_64 0.1.9 157.86 401.37 559.23 NOTE
r-release-linux-x86_64 0.1.9 153.91 411.96 565.87 NOTE
r-release-macos-arm64 0.1.9 152.00 NOTE
r-release-macos-x86_64 0.1.9 298.00 NOTE
r-release-windows-x86_64 0.1.9 122.00 289.00 411.00 NOTE
r-oldrel-macos-arm64 0.1.9 192.00 NOTE
r-oldrel-macos-x86_64 0.1.9 281.00 NOTE
r-oldrel-windows-x86_64 0.1.9 161.00 409.00 570.00 NOTE

Check Details

Version: 0.1.9
Check: C++ specification
Result: NOTE Specified C++11: please drop specification unless essential Flavors: r-devel-linux-x86_64-debian-clang, r-devel-linux-x86_64-debian-gcc, r-devel-linux-x86_64-fedora-clang, r-devel-linux-x86_64-fedora-gcc, r-devel-windows-x86_64, r-patched-linux-x86_64, r-release-linux-x86_64, r-release-macos-arm64, r-release-macos-x86_64, r-release-windows-x86_64, r-oldrel-macos-arm64, r-oldrel-macos-x86_64, r-oldrel-windows-x86_64

Version: 0.1.9
Check: Rd files
Result: NOTE checkRd: (-1) MiniBenchmarkRvsCpp.Rd:16: Lost braces in \itemize; meant \describe ? checkRd: (-1) MiniBenchmarkRvsCpp.Rd:17: Lost braces in \itemize; meant \describe ? checkRd: (-1) MiniBenchmarkRvsCpp.Rd:18: Lost braces in \itemize; meant \describe ? Flavors: r-devel-linux-x86_64-debian-clang, r-devel-linux-x86_64-debian-gcc, r-devel-linux-x86_64-fedora-clang, r-devel-linux-x86_64-fedora-gcc, r-devel-windows-x86_64, r-patched-linux-x86_64, r-release-linux-x86_64, r-release-macos-arm64, r-release-macos-x86_64, r-release-windows-x86_64

Version: 0.1.9
Check: Rd cross-references
Result: NOTE Found the following Rd file(s) with Rd \link{} targets missing package anchors: BenchmarkRvsCpp.Rd: PCMApplyTransformation MiniBenchmarkRvsCpp.Rd: PCMApplyTransformation PCMInfoCpp.Rd: PCMPresentCoordinates Please provide package anchors for all Rd \link{} targets not in the package itself and the base packages. Flavor: r-devel-windows-x86_64

Version: 0.1.9
Check: installed package size
Result: NOTE installed size is 33.1Mb sub-directories of 1Mb or more: libs 31.9Mb Flavors: r-release-macos-arm64, r-release-macos-x86_64, r-oldrel-macos-arm64, r-oldrel-macos-x86_64