CRAN Package Check Results for Package PDMIF

Last updated on 2024-06-23 06:56:39 CEST.

Flavor Version Tinstall Tcheck Ttotal Status Flags
r-devel-linux-x86_64-debian-clang 0.1.0 5.99 69.36 75.35 OK
r-devel-linux-x86_64-debian-gcc 0.1.0 5.51 48.14 53.65 OK
r-devel-linux-x86_64-fedora-clang 0.1.0 97.22 NOTE
r-devel-linux-x86_64-fedora-gcc 0.1.0 86.22 NOTE
r-devel-windows-x86_64 0.1.0 7.00 69.00 76.00 OK
r-patched-linux-x86_64 0.1.0 6.73 63.18 69.91 OK
r-release-linux-x86_64 0.1.0 6.93 63.76 70.69 OK
r-release-macos-arm64 0.1.0 27.00 OK
r-release-macos-x86_64 0.1.0 42.00 OK
r-release-windows-x86_64 0.1.0 7.00 70.00 77.00 OK
r-oldrel-macos-arm64 0.1.0 30.00 OK
r-oldrel-macos-x86_64 0.1.0 47.00 OK
r-oldrel-windows-x86_64 0.1.0 9.00 78.00 87.00 OK

Check Details

Version: 0.1.0
Check: dependencies in R code
Result: NOTE Namespace in Imports field not imported from: ‘ncvreg’ All declared Imports should be used. Flavors: r-devel-linux-x86_64-fedora-clang, r-devel-linux-x86_64-fedora-gcc