CRAN Package Check Results for Package PDMIF

Last updated on 2023-06-03 07:03:46 CEST.

Flavor Version Tinstall Tcheck Ttotal Status Flags
r-devel-linux-x86_64-debian-clang 0.1.0 7.02 66.02 73.04 OK
r-devel-linux-x86_64-debian-gcc 0.1.0 5.91 50.68 56.59 OK
r-devel-linux-x86_64-fedora-clang 0.1.0 91.57 NOTE
r-devel-linux-x86_64-fedora-gcc 0.1.0 93.73 NOTE
r-devel-windows-x86_64 0.1.0 8.00 71.00 79.00 OK
r-patched-linux-x86_64 0.1.0 OK
r-release-linux-x86_64 0.1.0 5.52 62.67 68.19 OK
r-release-macos-arm64 0.1.0 30.00 OK
r-release-macos-x86_64 0.1.0 47.00 OK
r-release-windows-x86_64 0.1.0 10.00 81.00 91.00 OK
r-oldrel-macos-arm64 0.1.0 32.00 NOTE
r-oldrel-macos-x86_64 0.1.0 38.00 NOTE
r-oldrel-windows-x86_64 0.1.0 9.00 78.00 87.00 OK

Check Details

Version: 0.1.0
Check: dependencies in R code
Result: NOTE
    Namespace in Imports field not imported from: ‘ncvreg’
     All declared Imports should be used.
Flavors: r-devel-linux-x86_64-fedora-clang, r-devel-linux-x86_64-fedora-gcc, r-oldrel-macos-arm64, r-oldrel-macos-x86_64