Last updated on 2023-02-02 06:55:01 CET.
Flavor | Version | Tinstall | Tcheck | Ttotal | Status | Flags |
---|---|---|---|---|---|---|
r-devel-linux-x86_64-debian-clang | 1.0.0 | 190.41 | 445.17 | 635.58 | NOTE | |
r-devel-linux-x86_64-debian-gcc | 1.0.0 | 153.99 | 310.06 | 464.05 | NOTE | |
r-devel-linux-x86_64-fedora-clang | 1.0.0 | 849.04 | NOTE | |||
r-devel-linux-x86_64-fedora-gcc | 1.0.0 | 787.77 | NOTE | |||
r-devel-windows-x86_64 | 1.0.0 | 220.00 | 537.00 | 757.00 | NOTE | |
r-patched-linux-x86_64 | 1.0.0 | 166.60 | 401.14 | 567.74 | OK | |
r-release-linux-x86_64 | 1.0.0 | 158.56 | 374.82 | 533.38 | OK | |
r-release-macos-arm64 | 1.0.0 | 206.00 | NOTE | |||
r-release-macos-x86_64 | 1.0.0 | 254.00 | NOTE | |||
r-release-windows-x86_64 | 1.0.0 | 200.00 | 505.00 | 705.00 | OK | |
r-oldrel-macos-arm64 | 1.0.0 | 208.00 | NOTE | |||
r-oldrel-macos-x86_64 | 1.0.0 | 277.00 | NOTE | |||
r-oldrel-windows-ix86+x86_64 | 1.0.0 | 428.00 | 759.00 | 1187.00 | NOTE |
Version: 1.0.0
Check: C++ specification
Result: NOTE
Specified C++11: please update to current default of C++17
Flavors: r-devel-linux-x86_64-debian-clang, r-devel-linux-x86_64-debian-gcc, r-devel-linux-x86_64-fedora-clang, r-devel-linux-x86_64-fedora-gcc, r-devel-windows-x86_64
Version: 1.0.0
Check: installed package size
Result: NOTE
installed size is 13.9Mb
sub-directories of 1Mb or more:
doc 2.2Mb
libs 10.3Mb
Flavors: r-release-macos-arm64, r-release-macos-x86_64, r-oldrel-macos-arm64, r-oldrel-macos-x86_64, r-oldrel-windows-ix86+x86_64