CRAN Package Check Results for Package PLSiMCpp

Last updated on 2023-01-28 07:15:03 CET.

Flavor Version Tinstall Tcheck Ttotal Status Flags
r-devel-linux-x86_64-debian-clang 1.0.4 53.42 63.24 116.66 OK
r-devel-linux-x86_64-debian-gcc 1.0.4 45.70 46.44 92.14 NOTE
r-devel-linux-x86_64-fedora-clang 1.0.4 160.04 OK
r-devel-linux-x86_64-fedora-gcc 1.0.4 149.07 NOTE
r-devel-windows-x86_64 1.0.4 49.00 111.00 160.00 OK
r-patched-linux-x86_64 1.0.4 46.66 60.13 106.79 OK
r-release-linux-x86_64 1.0.4 49.13 60.80 109.93 OK
r-release-macos-arm64 1.0.2 42.00 NOTE
r-release-macos-x86_64 1.0.2 56.00 NOTE
r-release-windows-x86_64 1.0.4 59.00 110.00 169.00 OK
r-oldrel-macos-arm64 1.0.2 41.00 NOTE
r-oldrel-macos-x86_64 1.0.2 53.00 NOTE
r-oldrel-windows-ix86+x86_64 1.0.2 118.00 128.00 246.00 OK

Check Details

Version: 1.0.4
Check: C++ specification
Result: NOTE
     Specified C++11: please update to current default of C++17
Flavors: r-devel-linux-x86_64-debian-gcc, r-devel-linux-x86_64-fedora-gcc

Version: 1.0.2
Check: installed package size
Result: NOTE
     installed size is 5.6Mb
     sub-directories of 1Mb or more:
     libs 5.4Mb
Flavors: r-release-macos-arm64, r-release-macos-x86_64, r-oldrel-macos-arm64, r-oldrel-macos-x86_64