CRAN Package Check Results for Package PLSiMCpp

Last updated on 2023-09-24 06:53:45 CEST.

Flavor Version Tinstall Tcheck Ttotal Status Flags
r-devel-linux-x86_64-debian-clang 1.0.4 51.08 62.33 113.41 NOTE
r-devel-linux-x86_64-debian-gcc 1.0.4 41.39 46.15 87.54 NOTE
r-devel-linux-x86_64-fedora-clang 1.0.4 161.78 NOTE
r-devel-linux-x86_64-fedora-gcc 1.0.4 165.37 NOTE
r-devel-windows-x86_64 1.0.4 44.00 90.00 134.00 NOTE
r-patched-linux-x86_64 1.0.4 55.86 60.10 115.96 NOTE
r-release-linux-x86_64 1.0.4 50.78 61.33 112.11 NOTE
r-release-macos-arm64 1.0.4 47.00 NOTE
r-release-macos-x86_64 1.0.4 77.00 NOTE
r-release-windows-x86_64 1.0.4 54.00 100.00 154.00 NOTE
r-oldrel-macos-arm64 1.0.2 42.00 NOTE
r-oldrel-macos-x86_64 1.0.2 56.00 NOTE
r-oldrel-windows-x86_64 1.0.4 50.00 95.00 145.00 OK

Check Details

Version: 1.0.4
Check: C++ specification
Result: NOTE
     Specified C++11: please drop specification unless essential
Flavors: r-devel-linux-x86_64-debian-clang, r-devel-linux-x86_64-debian-gcc, r-devel-linux-x86_64-fedora-clang, r-devel-linux-x86_64-fedora-gcc, r-devel-windows-x86_64, r-patched-linux-x86_64, r-release-linux-x86_64, r-release-macos-arm64, r-release-macos-x86_64, r-release-windows-x86_64

Version: 1.0.4
Check: installed package size
Result: NOTE
     installed size is 5.7Mb
     sub-directories of 1Mb or more:
     libs 5.5Mb
Flavors: r-release-macos-arm64, r-release-macos-x86_64

Version: 1.0.2
Check: installed package size
Result: NOTE
     installed size is 5.6Mb
     sub-directories of 1Mb or more:
     libs 5.4Mb
Flavors: r-oldrel-macos-arm64, r-oldrel-macos-x86_64