Last updated on 2022-08-13 07:11:42 CEST.
Flavor | Version | Tinstall | Tcheck | Ttotal | Status | Flags |
---|---|---|---|---|---|---|
r-devel-linux-x86_64-debian-clang | 1.1.0 | 213.91 | 40.55 | 254.46 | OK | |
r-devel-linux-x86_64-debian-gcc | 1.1.0 | 168.11 | 30.95 | 199.06 | OK | |
r-devel-linux-x86_64-fedora-clang | 1.1.0 | 385.32 | NOTE | |||
r-devel-linux-x86_64-fedora-gcc | 1.1.0 | 365.47 | NOTE | |||
r-devel-windows-x86_64 | 1.1.0 | 174.00 | 90.00 | 264.00 | OK | |
r-patched-linux-x86_64 | 1.1.0 | 198.01 | 39.40 | 237.41 | OK | |
r-release-linux-x86_64 | 1.1.0 | 183.60 | 39.83 | 223.43 | OK | |
r-release-macos-arm64 | 1.1.0 | 111.00 | NOTE | |||
r-release-macos-x86_64 | 1.1.0 | 106.00 | NOTE | |||
r-release-windows-x86_64 | 1.1.0 | 172.00 | 90.00 | 262.00 | OK | |
r-oldrel-macos-arm64 | 1.1.0 | 105.00 | NOTE | |||
r-oldrel-macos-x86_64 | 1.1.0 | 105.00 | NOTE | |||
r-oldrel-windows-ix86+x86_64 | 1.1.0 | 529.00 | 96.00 | 625.00 | OK |
Version: 1.1.0
Check: installed package size
Result: NOTE
installed size is 8.7Mb
sub-directories of 1Mb or more:
libs 8.5Mb
Flavors: r-devel-linux-x86_64-fedora-clang, r-release-macos-arm64, r-release-macos-x86_64, r-oldrel-macos-arm64, r-oldrel-macos-x86_64
Version: 1.1.0
Check: dependencies in R code
Result: NOTE
Namespace in Imports field not imported from: ‘Rdpack’
All declared Imports should be used.
Flavors: r-devel-linux-x86_64-fedora-clang, r-devel-linux-x86_64-fedora-gcc, r-release-macos-arm64, r-release-macos-x86_64, r-oldrel-macos-arm64, r-oldrel-macos-x86_64