Last updated on 2023-02-02 06:55:02 CET.
Flavor | Version | Tinstall | Tcheck | Ttotal | Status | Flags |
---|---|---|---|---|---|---|
r-devel-linux-x86_64-debian-clang | 0.3.8 | 259.18 | 32.14 | 291.32 | NOTE | |
r-devel-linux-x86_64-debian-gcc | 0.3.8 | 189.64 | 25.43 | 215.07 | NOTE | |
r-devel-linux-x86_64-fedora-clang | 0.3.8 | 468.44 | NOTE | |||
r-devel-linux-x86_64-fedora-gcc | 0.3.8 | 362.92 | NOTE | |||
r-patched-linux-x86_64 | 0.3.8 | 215.23 | 30.63 | 245.86 | OK | |
r-release-linux-x86_64 | 0.3.8 | 215.59 | 31.69 | 247.28 | OK | |
r-release-macos-arm64 | 0.3.8 | 92.00 | NOTE | |||
r-release-macos-x86_64 | 0.3.8 | 111.00 | NOTE | |||
r-release-windows-x86_64 | 0.3.8 | 287.00 | 94.00 | 381.00 | OK | |
r-oldrel-macos-arm64 | 0.3.8 | 90.00 | NOTE | |||
r-oldrel-macos-x86_64 | 0.3.8 | 113.00 | NOTE | |||
r-oldrel-windows-ix86+x86_64 | 0.3.8 | 596.00 | 84.00 | 680.00 | OK |
Version: 0.3.8
Check: C++ specification
Result: NOTE
Specified C++11: please update to current default of C++17
Flavors: r-devel-linux-x86_64-debian-clang, r-devel-linux-x86_64-debian-gcc, r-devel-linux-x86_64-fedora-clang, r-devel-linux-x86_64-fedora-gcc
Version: 0.3.8
Check: installed package size
Result: NOTE
installed size is 9.1Mb
sub-directories of 1Mb or more:
libs 8.1Mb
Flavors: r-release-macos-arm64, r-release-macos-x86_64, r-oldrel-macos-arm64, r-oldrel-macos-x86_64