CRAN Package Check Results for Package PRIMAL

Last updated on 2023-02-02 06:55:02 CET.

Flavor Version Tinstall Tcheck Ttotal Status Flags
r-devel-linux-x86_64-debian-clang 1.0.2 44.33 74.01 118.34 NOTE
r-devel-linux-x86_64-debian-gcc 1.0.2 41.90 56.38 98.28 NOTE
r-devel-linux-x86_64-fedora-clang 1.0.2 158.44 NOTE
r-devel-linux-x86_64-fedora-gcc 1.0.2 168.91 NOTE
r-patched-linux-x86_64 1.0.2 47.58 71.97 119.55 OK
r-release-linux-x86_64 1.0.2 41.60 71.73 113.33 OK
r-release-macos-arm64 1.0.2 45.00 NOTE
r-release-macos-x86_64 1.0.2 60.00 NOTE
r-release-windows-x86_64 1.0.2 66.00 140.00 206.00 OK
r-oldrel-macos-arm64 1.0.2 52.00 NOTE
r-oldrel-macos-x86_64 1.0.2 85.00 NOTE
r-oldrel-windows-ix86+x86_64 1.0.2 109.00 140.00 249.00 OK

Check Details

Version: 1.0.2
Check: C++ specification
Result: NOTE
     Specified C++11: please update to current default of C++17
Flavors: r-devel-linux-x86_64-debian-clang, r-devel-linux-x86_64-debian-gcc, r-devel-linux-x86_64-fedora-clang, r-devel-linux-x86_64-fedora-gcc

Version: 1.0.2
Check: compiled code
Result: NOTE
    File ‘PRIMAL/libs/PRIMAL.so’:
     Found no calls to: ‘R_registerRoutines’, ‘R_useDynamicSymbols’
    
    It is good practice to register native routines and to disable symbol
    search.
    
    See ‘Writing portable packages’ in the ‘Writing R Extensions’ manual.
Flavors: r-devel-linux-x86_64-fedora-clang, r-devel-linux-x86_64-fedora-gcc

Version: 1.0.2
Check: installed package size
Result: NOTE
     installed size is 10.1Mb
     sub-directories of 1Mb or more:
     libs 9.6Mb
Flavors: r-release-macos-arm64, r-release-macos-x86_64, r-oldrel-macos-arm64, r-oldrel-macos-x86_64