CRAN Package Check Results for Package PRISMAstatement

Last updated on 2022-01-21 07:52:43 CET.

Flavor Version Tinstall Tcheck Ttotal Status Flags
r-devel-linux-x86_64-debian-clang 1.1.1 NOTE
r-devel-linux-x86_64-debian-gcc 1.1.1 2.41 33.43 35.84 NOTE
r-devel-linux-x86_64-fedora-clang 1.1.1 54.90 NOTE
r-devel-linux-x86_64-fedora-gcc 1.1.1 44.36 NOTE
r-devel-windows-x86_64-new-UL 1.1.1 33.00 73.00 106.00 NOTE
r-devel-windows-x86_64-new-TK 1.1.1 NOTE
r-patched-linux-x86_64 1.1.1 2.25 42.89 45.14 NOTE
r-release-linux-x86_64 1.1.1 1.78 43.01 44.79 NOTE
r-release-macos-arm64 1.1.1 NOTE
r-release-macos-x86_64 1.1.1 WARN
r-release-windows-ix86+x86_64 1.1.1 8.00 59.00 67.00 NOTE
r-oldrel-macos-x86_64 1.1.1 WARN
r-oldrel-windows-ix86+x86_64 1.1.1 8.00 61.00 69.00 OK

Check Details

Version: 1.1.1
Check: LazyData
Result: NOTE
     'LazyData' is specified without a 'data' directory
Flavors: r-devel-linux-x86_64-debian-clang, r-devel-linux-x86_64-debian-gcc, r-devel-linux-x86_64-fedora-clang, r-devel-linux-x86_64-fedora-gcc, r-devel-windows-x86_64-new-UL, r-devel-windows-x86_64-new-TK, r-patched-linux-x86_64, r-release-linux-x86_64, r-release-macos-arm64, r-release-macos-x86_64, r-release-windows-ix86+x86_64

Version: 1.1.1
Check: installed package size
Result: NOTE
     installed size is 5.0Mb
     sub-directories of 1Mb or more:
     doc 4.8Mb
Flavor: r-devel-linux-x86_64-fedora-clang

Version: 1.1.1
Check: re-building of vignette outputs
Result: WARN
    Error(s) in re-building vignettes:
     ...
    --- re-building ‘PRISMA.Rmd’ using rmarkdown
    Warning in engine$weave(file, quiet = quiet, encoding = enc) :
     Pandoc (>= 1.12.3) not available. Falling back to R Markdown v1.
    Quitting from lines 39-52 (PRISMA.Rmd)
    Error: processing vignette 'PRISMA.Rmd' failed with diagnostics:
    invalid 'path' argument
    --- failed re-building ‘PRISMA.Rmd’
    
    --- re-building ‘exclusionflowcharts.Rmd’ using rmarkdown
    Warning in engine$weave(file, quiet = quiet, encoding = enc) :
     Pandoc (>= 1.12.3) not available. Falling back to R Markdown v1.
    Quitting from lines 25-31 (exclusionflowcharts.Rmd)
    Error: processing vignette 'exclusionflowcharts.Rmd' failed with diagnostics:
    invalid 'path' argument
    --- failed re-building ‘exclusionflowcharts.Rmd’
    
    SUMMARY: processing the following files failed:
     ‘PRISMA.Rmd’ ‘exclusionflowcharts.Rmd’
    
    Error: Vignette re-building failed.
    Execution halted
Flavor: r-release-macos-x86_64

Version: 1.1.1
Check: re-building of vignette outputs
Result: WARN
    Error(s) in re-building vignettes:
     ...
    --- re-building ‘PRISMA.Rmd’ using rmarkdown
    Warning in engine$weave(file, quiet = quiet, encoding = enc) :
     Pandoc (>= 1.12.3) and/or pandoc-citeproc not available. Falling back to R Markdown v1.
    Quitting from lines 39-52 (PRISMA.Rmd)
    Error: processing vignette 'PRISMA.Rmd' failed with diagnostics:
    cannot open the connection
    --- failed re-building ‘PRISMA.Rmd’
    
    --- re-building ‘exclusionflowcharts.Rmd’ using rmarkdown
    Warning in engine$weave(file, quiet = quiet, encoding = enc) :
     Pandoc (>= 1.12.3) and/or pandoc-citeproc not available. Falling back to R Markdown v1.
    Quitting from lines 25-31 (exclusionflowcharts.Rmd)
    Error: processing vignette 'exclusionflowcharts.Rmd' failed with diagnostics:
    cannot open the connection
    --- failed re-building ‘exclusionflowcharts.Rmd’
    
    SUMMARY: processing the following files failed:
     ‘PRISMA.Rmd’ ‘exclusionflowcharts.Rmd’
    
    Error: Vignette re-building failed.
    Execution halted
Flavor: r-oldrel-macos-x86_64