CRAN Package Check Results for Package PROscorerTools

Last updated on 2022-01-21 07:52:43 CET.

Flavor Version Tinstall Tcheck Ttotal Status Flags
r-devel-linux-x86_64-debian-clang 0.0.1 NOTE
r-devel-linux-x86_64-debian-gcc 0.0.1 1.65 28.01 29.66 NOTE
r-devel-linux-x86_64-fedora-clang 0.0.1 46.89 NOTE
r-devel-linux-x86_64-fedora-gcc 0.0.1 36.82 NOTE
r-devel-windows-x86_64-new-UL 0.0.1 61.00 66.00 127.00 NOTE
r-devel-windows-x86_64-new-TK 0.0.1 NOTE
r-patched-linux-x86_64 0.0.1 2.66 34.12 36.78 NOTE
r-release-linux-x86_64 0.0.1 1.94 33.86 35.80 NOTE
r-release-macos-arm64 0.0.1 NOTE
r-release-macos-x86_64 0.0.1 NOTE
r-release-windows-ix86+x86_64 0.0.1 5.00 45.00 50.00 NOTE
r-oldrel-macos-x86_64 0.0.1 OK
r-oldrel-windows-ix86+x86_64 0.0.1 4.00 49.00 53.00 OK

Check Details

Version: 0.0.1
Check: LazyData
Result: NOTE
     'LazyData' is specified without a 'data' directory
Flavors: r-devel-linux-x86_64-debian-clang, r-devel-linux-x86_64-debian-gcc, r-devel-linux-x86_64-fedora-clang, r-devel-linux-x86_64-fedora-gcc, r-devel-windows-x86_64-new-UL, r-devel-windows-x86_64-new-TK, r-patched-linux-x86_64, r-release-linux-x86_64, r-release-macos-arm64, r-release-macos-x86_64, r-release-windows-ix86+x86_64