CRAN Package Check Results for Package PST

Last updated on 2024-07-16 07:01:48 CEST.

Flavor Version Tinstall Tcheck Ttotal Status Flags
r-devel-linux-x86_64-debian-clang 0.94.1 16.44 146.55 162.99 OK
r-devel-linux-x86_64-debian-gcc 0.94.1 10.62 102.46 113.08 OK
r-devel-linux-x86_64-fedora-clang 0.94.1 192.60 OK
r-devel-linux-x86_64-fedora-gcc 0.94.1 192.20 OK
r-devel-windows-x86_64 0.94.1 13.00 114.00 127.00 NOTE
r-patched-linux-x86_64 0.94.1 13.38 137.22 150.60 OK
r-release-linux-x86_64 0.94.1 11.98 135.11 147.09 OK
r-release-macos-arm64 0.94.1 50.00 OK
r-release-macos-x86_64 0.94.1 77.00 OK
r-release-windows-x86_64 0.94.1 13.00 115.00 128.00 OK
r-oldrel-macos-arm64 0.94.1 55.00 OK
r-oldrel-macos-x86_64 0.94.1 108.00 OK
r-oldrel-windows-x86_64 0.94.1 16.00 147.00 163.00 OK

Check Details

Version: 0.94.1
Check: Rd cross-references
Result: NOTE Found the following Rd file(s) with Rd \link{} targets missing package anchors: PSTf-class.Rd: TraMineR cprob.Rd: TraMineR generate.Rd: TraMineR plot-PSTr.Rd: seqdef pmine.Rd: TraMineR Please provide package anchors for all Rd \link{} targets not in the package itself and the base packages. Flavor: r-devel-windows-x86_64