Last updated on 2022-07-06 06:52:58 CEST.
Flavor | Version | Tinstall | Tcheck | Ttotal | Status | Flags |
---|---|---|---|---|---|---|
r-devel-linux-x86_64-debian-clang | 1.0.13 | 25.65 | 249.86 | 275.51 | OK | |
r-devel-linux-x86_64-debian-gcc | 1.0.13 | 21.75 | 180.51 | 202.26 | OK | |
r-devel-linux-x86_64-fedora-clang | 1.0.13 | 323.30 | NOTE | |||
r-devel-linux-x86_64-fedora-gcc | 1.0.13 | 319.99 | OK | |||
r-devel-windows-x86_64 | 1.0.13 | 90.00 | 281.00 | 371.00 | NOTE | |
r-patched-linux-x86_64 | 1.0.13 | 22.82 | 228.70 | 251.52 | OK | |
r-release-linux-x86_64 | 1.0.13 | 18.14 | 229.21 | 247.35 | OK | |
r-release-macos-arm64 | 1.0.13 | 120.00 | NOTE | |||
r-release-macos-x86_64 | 1.0.13 | 189.00 | NOTE | |||
r-release-windows-x86_64 | 1.0.13 | 111.00 | 299.00 | 410.00 | NOTE | |
r-oldrel-macos-arm64 | 1.0.13 | 94.00 | NOTE | |||
r-oldrel-macos-x86_64 | 1.0.13 | 103.00 | NOTE | |||
r-oldrel-windows-ix86+x86_64 | 1.0.13 | 49.00 | 276.00 | 325.00 | NOTE |
Version: 1.0.13
Check: installed package size
Result: NOTE
installed size is 9.0Mb
sub-directories of 1Mb or more:
R 1.2Mb
doc 4.0Mb
examples 2.5Mb
Flavors: r-devel-linux-x86_64-fedora-clang, r-devel-windows-x86_64, r-release-macos-arm64, r-release-macos-x86_64, r-release-windows-x86_64, r-oldrel-macos-arm64, r-oldrel-macos-x86_64, r-oldrel-windows-ix86+x86_64