CRAN Package Check Results for Package PUPAIM

Last updated on 2022-05-28 07:06:01 CEST.

Flavor Version Tinstall Tcheck Ttotal Status Flags
r-devel-linux-x86_64-debian-clang 0.3.1 9.00 139.55 148.55 OK
r-devel-linux-x86_64-debian-gcc 0.3.1 7.75 99.45 107.20 OK
r-devel-linux-x86_64-fedora-clang 0.3.1 183.28 OK
r-devel-linux-x86_64-fedora-gcc 0.3.1 174.09 OK
r-devel-windows-x86_64 0.3.1 44.00 187.00 231.00 OK
r-patched-linux-x86_64 0.3.0 9.42 125.47 134.89 OK
r-release-linux-x86_64 0.3.0 8.00 125.59 133.59 OK
r-release-macos-arm64 0.3.1 57.00 OK
r-release-macos-x86_64 0.3.1 64.00 OK
r-release-windows-x86_64 0.3.1 49.00 166.00 215.00 OK
r-oldrel-macos-arm64 0.3.1 42.00 ERROR
r-oldrel-macos-x86_64 0.3.1 54.00 ERROR
r-oldrel-windows-ix86+x86_64 0.3.1 21.00 157.00 178.00 OK

Check Details

Version: 0.3.1
Check: examples
Result: ERROR
    Running examples in ‘PUPAIM-Ex.R’ failed
    The error most likely occurred in:
    
    > ### Name: SSLangmuir1analysis
    > ### Title: Langmuir Isotherm Nonlinear Analysis via selfStart and Langmuir
    > ### First Linear Model
    > ### Aliases: SSLangmuir1analysis
    >
    > ### ** Examples
    >
    > Ce <- c(0.01353, 0.04648, 0.13239, 0.27714, 0.41600, 0.63607, 0.80435, 1.10327, 1.58223)
    > Qe <- c(0.03409, 0.06025, 0.10622, 0.12842, 0.15299, 0.15379, 0.15735, 0.15735, 0.16607)
    > SSLangmuir1analysis(Ce,Qe)
    Error in (attr(object, "initial"))(mCall = mCall, data = data, LHS = LHS, :
     unused arguments (control = list(50, 1e-05, 0.0009765625, FALSE, FALSE, 0, FALSE), trace = FALSE)
    Calls: SSLangmuir1analysis
    Execution halted
Flavors: r-oldrel-macos-arm64, r-oldrel-macos-x86_64