CRAN Package Check Results for Package PUlasso

Last updated on 2020-10-20 06:46:54 CEST.

Flavor Version Tinstall Tcheck Ttotal Status Flags
r-devel-linux-x86_64-debian-clang 3.2.3 210.53 105.73 316.26 OK
r-devel-linux-x86_64-debian-gcc 3.2.3 161.37 81.51 242.88 OK
r-devel-linux-x86_64-fedora-clang 3.2.3 444.62 NOTE
r-devel-linux-x86_64-fedora-gcc 3.2.3 408.80 OK
r-devel-windows-ix86+x86_64 3.2.3 308.00 165.00 473.00 OK
r-patched-linux-x86_64 3.2.3 187.22 101.51 288.73 OK
r-patched-solaris-x86 3.2.3 358.70 OK
r-release-linux-x86_64 3.2.3 189.36 101.34 290.70 OK
r-release-macos-x86_64 3.2.3 NOTE
r-release-windows-ix86+x86_64 3.2.3 376.00 200.00 576.00 OK
r-oldrel-macos-x86_64 3.2.3 NOTE
r-oldrel-windows-ix86+x86_64 3.2.3 266.00 147.00 413.00 OK

Check Details

Version: 3.2.3
Check: installed package size
Result: NOTE
     installed size is 34.8Mb
     sub-directories of 1Mb or more:
     libs 34.3Mb
Flavors: r-devel-linux-x86_64-fedora-clang, r-release-macos-x86_64, r-oldrel-macos-x86_64