Last updated on 2021-01-16 06:51:17 CET.
Flavor | Version | Tinstall | Tcheck | Ttotal | Status | Flags |
---|---|---|---|---|---|---|
r-devel-linux-x86_64-debian-clang | 1.0.0 | 6.44 | 42.98 | 49.42 | OK | |
r-devel-linux-x86_64-debian-gcc | 1.0.0 | 5.90 | 36.71 | 42.61 | OK | |
r-devel-linux-x86_64-fedora-clang | 1.0.0 | 70.87 | NOTE | |||
r-devel-linux-x86_64-fedora-gcc | 1.0.0 | 58.83 | NOTE | |||
r-devel-windows-ix86+x86_64 | 1.0.0 | 10.00 | 49.00 | 59.00 | OK | |
r-patched-linux-x86_64 | 1.0.0 | 6.77 | 41.38 | 48.15 | OK | |
r-patched-solaris-x86 | 1.0.0 | 89.50 | NOTE | |||
r-release-linux-x86_64 | 1.0.0 | 6.21 | 45.12 | 51.33 | OK | |
r-release-macos-x86_64 | 1.0.0 | NOTE | ||||
r-release-windows-ix86+x86_64 | 1.0.0 | 11.00 | 47.00 | 58.00 | OK | |
r-oldrel-macos-x86_64 | 1.0.0 | NOTE | ||||
r-oldrel-windows-ix86+x86_64 | 1.0.0 | 11.00 | 50.00 | 61.00 | OK |
Version: 1.0.0
Check: dependencies in R code
Result: NOTE
Namespace in Imports field not imported from: ‘stats’
All declared Imports should be used.
Flavors: r-devel-linux-x86_64-fedora-clang, r-devel-linux-x86_64-fedora-gcc, r-patched-solaris-x86, r-release-macos-x86_64, r-oldrel-macos-x86_64