CRAN Package Check Results for Package PakPMICS2018

Last updated on 2022-01-27 06:48:42 CET.

Flavor Version Tinstall Tcheck Ttotal Status Flags
r-devel-linux-x86_64-debian-clang 1.0.0 3.80 57.96 61.76 NOTE
r-devel-linux-x86_64-debian-gcc 1.0.0 3.30 44.64 47.94 NOTE
r-devel-linux-x86_64-fedora-clang 1.0.0 76.34 NOTE
r-devel-linux-x86_64-fedora-gcc 1.0.0 64.92 NOTE
r-devel-windows-x86_64-new-UL 1.0.0 65.00 74.00 139.00 NOTE
r-devel-windows-x86_64-new-TK 1.0.0 NOTE
r-patched-linux-x86_64 1.0.0 4.95 58.14 63.09 NOTE
r-release-linux-x86_64 1.0.0 3.40 57.66 61.06 NOTE
r-release-macos-arm64 1.0.0 NOTE
r-release-macos-x86_64 1.0.0 NOTE
r-release-windows-ix86+x86_64 1.0.0 8.00 60.00 68.00 NOTE
r-oldrel-macos-x86_64 1.0.0 OK
r-oldrel-windows-ix86+x86_64 1.0.0 8.00 65.00 73.00 OK

Check Details

Version: 1.0.0
Check: LazyData
Result: NOTE
     'LazyData' is specified without a 'data' directory
Flavors: r-devel-linux-x86_64-debian-clang, r-devel-linux-x86_64-debian-gcc, r-devel-linux-x86_64-fedora-clang, r-devel-linux-x86_64-fedora-gcc, r-devel-windows-x86_64-new-UL, r-devel-windows-x86_64-new-TK, r-patched-linux-x86_64, r-release-linux-x86_64, r-release-macos-arm64, r-release-macos-x86_64, r-release-windows-ix86+x86_64