CRAN Package Check Results for Package PakPMICS2018mm

Last updated on 2025-01-19 06:48:29 CET.

Flavor Version Tinstall Tcheck Ttotal Status Flags
r-devel-linux-x86_64-debian-clang 0.1.0 5.40 34.89 40.29 NOTE
r-devel-linux-x86_64-debian-gcc 0.1.0 4.20 26.30 30.50 NOTE
r-devel-linux-x86_64-fedora-clang 0.1.0 68.62 NOTE
r-devel-linux-x86_64-fedora-gcc 0.1.0 77.18 NOTE
r-devel-windows-x86_64 0.1.0 7.00 53.00 60.00 NOTE
r-patched-linux-x86_64 0.1.0 5.61 32.91 38.52 NOTE
r-release-linux-x86_64 0.1.0 5.53 32.58 38.11 NOTE
r-release-macos-arm64 0.1.0 28.00 NOTE
r-release-macos-x86_64 0.1.0 41.00 NOTE
r-release-windows-x86_64 0.1.0 8.00 52.00 60.00 NOTE
r-oldrel-macos-arm64 0.1.0 32.00 OK
r-oldrel-macos-x86_64 0.1.0 47.00 OK
r-oldrel-windows-x86_64 0.1.0 9.00 57.00 66.00 OK

Check Details

Version: 0.1.0
Check: Rd files
Result: NOTE checkRd: (-1) PakPMICS2018mm.Rd:69: Lost braces in \enumerate; meant \describe ? checkRd: (-1) PakPMICS2018mm.Rd:70: Lost braces in \enumerate; meant \describe ? Flavors: r-devel-linux-x86_64-debian-clang, r-devel-linux-x86_64-debian-gcc, r-devel-linux-x86_64-fedora-clang, r-devel-linux-x86_64-fedora-gcc, r-devel-windows-x86_64, r-patched-linux-x86_64, r-release-linux-x86_64, r-release-macos-arm64, r-release-macos-x86_64, r-release-windows-x86_64