Last updated on 2021-01-28 06:50:01 CET.
Flavor | Version | Tinstall | Tcheck | Ttotal | Status | Flags |
---|---|---|---|---|---|---|
r-devel-linux-x86_64-debian-clang | 1.2 | 15.86 | 143.91 | 159.77 | OK | |
r-devel-linux-x86_64-debian-gcc | 1.2 | 11.02 | 109.84 | 120.86 | OK | |
r-devel-linux-x86_64-fedora-clang | 1.2 | 211.15 | NOTE | |||
r-devel-linux-x86_64-fedora-gcc | 1.2 | 197.31 | NOTE | |||
r-devel-windows-ix86+x86_64 | 1.2 | 32.00 | 187.00 | 219.00 | OK | |
r-patched-linux-x86_64 | 1.2 | 9.39 | 136.44 | 145.83 | OK | |
r-patched-solaris-x86 | 1.2 | 283.40 | NOTE | |||
r-release-linux-x86_64 | 1.2 | 8.95 | 136.86 | 145.81 | OK | |
r-release-macos-x86_64 | 1.2 | ERROR | ||||
r-release-windows-ix86+x86_64 | 1.2 | 30.00 | 143.00 | 173.00 | OK | |
r-oldrel-macos-x86_64 | 1.2 | ERROR | ||||
r-oldrel-windows-ix86+x86_64 | 1.2 | 27.00 | 194.00 | 221.00 | OK |
Version: 1.2
Check: package dependencies
Result: NOTE
Imports includes 27 non-default packages.
Importing from so many packages makes the package vulnerable to any of
them becoming unavailable. Move as many as possible to Suggests and
use conditionally.
Flavor: r-devel-linux-x86_64-fedora-clang
Version: 1.2
Check: dependencies in R code
Result: NOTE
Namespaces in Imports field not imported from:
‘Biobase’ ‘KernSmooth’ ‘Mfuzz’ ‘SelectBoost’ ‘animation’ ‘c060’
‘cluster’ ‘gplots’ ‘grid’ ‘jetset’
All declared Imports should be used.
Flavors: r-devel-linux-x86_64-fedora-clang, r-devel-linux-x86_64-fedora-gcc, r-patched-solaris-x86
Version: 1.2
Check: package dependencies
Result: ERROR
Package required but not available: ‘Mfuzz’
See section ‘The DESCRIPTION file’ in the ‘Writing R Extensions’
manual.
Flavor: r-release-macos-x86_64
Version: 1.2
Check: package dependencies
Result: ERROR
Packages required but not available: 'jetset', 'Mfuzz', 'WGCNA'
See section ‘The DESCRIPTION file’ in the ‘Writing R Extensions’
manual.
Flavor: r-oldrel-macos-x86_64