Last updated on 2022-06-29 06:53:33 CEST.
Flavor | Version | Tinstall | Tcheck | Ttotal | Status | Flags |
---|---|---|---|---|---|---|
r-devel-linux-x86_64-debian-clang | 1.3 | 14.83 | 177.54 | 192.37 | NOTE | |
r-devel-linux-x86_64-debian-gcc | 1.3 | 11.25 | 135.59 | 146.84 | NOTE | |
r-devel-linux-x86_64-fedora-clang | 1.3 | 235.97 | WARN | |||
r-devel-linux-x86_64-fedora-gcc | 1.3 | 239.49 | WARN | |||
r-devel-windows-x86_64 | 1.3 | 85.00 | 239.00 | 324.00 | NOTE | |
r-patched-linux-x86_64 | 1.3 | 16.11 | 172.27 | 188.38 | OK | |
r-release-linux-x86_64 | 1.3 | 10.19 | 176.93 | 187.12 | OK | |
r-release-macos-arm64 | 1.3 | 5.00 | ERROR | |||
r-release-macos-x86_64 | 1.3 | 133.00 | NOTE | |||
r-release-windows-x86_64 | 1.3 | 86.00 | 227.00 | 313.00 | OK | |
r-oldrel-macos-arm64 | 1.3 | 86.00 | NOTE | |||
r-oldrel-macos-x86_64 | 1.3 | 90.00 | NOTE | |||
r-oldrel-windows-ix86+x86_64 | 1.3 | 32.00 | 197.00 | 229.00 | OK |
Version: 1.3
Check: Rd files
Result: NOTE
checkRd: (-1) plot-methods.Rd:55: Escaped LaTeX specials: \_
checkRd: (-1) plot-methods.Rd:125: Escaped LaTeX specials: \_
Flavors: r-devel-linux-x86_64-debian-clang, r-devel-linux-x86_64-debian-gcc, r-devel-linux-x86_64-fedora-clang, r-devel-linux-x86_64-fedora-gcc, r-devel-windows-x86_64
Version: 1.3
Check: package dependencies
Result: WARN
Requires (indirectly) orphaned package: ‘gtools’
Flavors: r-devel-linux-x86_64-fedora-clang, r-devel-linux-x86_64-fedora-gcc
Version: 1.3
Check: dependencies in R code
Result: NOTE
Namespaces in Imports field not imported from:
‘KernSmooth’ ‘Mfuzz’ ‘SelectBoost’ ‘gplots’ ‘grid’ ‘jetset’ ‘magic’
‘msgps’ ‘splines’ ‘stats4’ ‘survival’
All declared Imports should be used.
Flavors: r-devel-linux-x86_64-fedora-clang, r-devel-linux-x86_64-fedora-gcc, r-release-macos-x86_64, r-oldrel-macos-arm64, r-oldrel-macos-x86_64
Version: 1.3
Check: package dependencies
Result: ERROR
Package required but not available: ‘Mfuzz’
See section ‘The DESCRIPTION file’ in the ‘Writing R Extensions’
manual.
Flavor: r-release-macos-arm64