CRAN Package Check Results for Package PerMallows

Last updated on 2021-06-21 06:49:17 CEST.

Flavor Version Tinstall Tcheck Ttotal Status Flags
r-devel-linux-x86_64-debian-clang 1.13 24.13 34.07 58.20 NOTE
r-devel-linux-x86_64-debian-gcc 1.13 14.26 27.07 41.33 NOTE
r-devel-linux-x86_64-fedora-clang 1.13 90.58 NOTE
r-devel-linux-x86_64-fedora-gcc 1.13 65.70 NOTE
r-devel-windows-x86_64 1.13 29.00 59.00 88.00 OK
r-devel-windows-x86_64-gcc10-UCRT 1.13 OK
r-patched-linux-x86_64 1.13 18.26 33.65 51.91 NOTE
r-patched-solaris-x86 1.13 83.80 NOTE
r-release-linux-x86_64 1.13 18.49 33.27 51.76 NOTE
r-release-macos-arm64 1.13 OK
r-release-macos-x86_64 1.13 OK
r-release-windows-ix86+x86_64 1.13 54.00 59.00 113.00 OK
r-oldrel-macos-x86_64 1.13 OK

Check Details

Version: 1.13
Check: for non-standard things in the check directory
Result: NOTE
    Found the following files/directories:
     'permus_per_dist_4' 'permus_per_shape_bin_4_0'
     'permus_per_shape_bin_4_1' 'permus_per_shape_bin_4_2'
     'permus_per_shape_bin_4_3'
Flavors: r-devel-linux-x86_64-debian-clang, r-devel-linux-x86_64-debian-gcc, r-devel-linux-x86_64-fedora-clang, r-devel-linux-x86_64-fedora-gcc, r-patched-linux-x86_64, r-patched-solaris-x86, r-release-linux-x86_64