CRAN Package Check Results for Package PerformanceAnalytics

Last updated on 2024-02-23 06:50:36 CET.

Flavor Version Tinstall Tcheck Ttotal Status Flags
r-devel-linux-x86_64-debian-clang 2.0.4 NOTE
r-devel-linux-x86_64-debian-gcc 2.0.4 20.97 276.16 297.13 NOTE
r-devel-linux-x86_64-fedora-clang 2.0.4 515.07 NOTE
r-devel-linux-x86_64-fedora-gcc 2.0.4 524.17 NOTE
r-devel-windows-x86_64 2.0.4 26.00 207.00 233.00 NOTE --no-vignettes
r-patched-linux-x86_64 2.0.4 31.60 358.67 390.27 NOTE
r-release-linux-x86_64 2.0.4 22.53 357.53 380.06 NOTE
r-release-macos-arm64 2.0.4 186.00 NOTE
r-release-macos-x86_64 2.0.4 317.00 NOTE
r-release-windows-x86_64 2.0.4 35.00 243.00 278.00 NOTE --no-vignettes
r-oldrel-macos-arm64 2.0.4 167.00 OK
r-oldrel-windows-x86_64 2.0.4 34.00 233.00 267.00 OK --no-vignettes

Additional issues

noLD noSuggests

Check Details

Version: 2.0.4
Check: Rd files
Result: NOTE checkRd: (-1) CAPM.RiskPremium.Rd:67: Escaped LaTeX specials: \& checkRd: (-1) Return.portfolio.Rd:109: Lost braces in \itemize; meant \describe ? checkRd: (-1) Return.portfolio.Rd:110-113: Lost braces in \itemize; meant \describe ? checkRd: (-1) Return.portfolio.Rd:114-118: Lost braces in \itemize; meant \describe ? checkRd: (-1) Return.portfolio.Rd:119-122: Lost braces in \itemize; meant \describe ? checkRd: (-1) Return.portfolio.Rd:123-129: Lost braces in \itemize; meant \describe ? checkRd: (-1) Return.portfolio.Rd:130-132: Lost braces in \itemize; meant \describe ? checkRd: (-1) chart.ECDF.Rd:31: Escaped LaTeX specials: \# checkRd: (-1) managers.Rd:8: Escaped LaTeX specials: \& Flavors: r-devel-linux-x86_64-debian-clang, r-devel-linux-x86_64-debian-gcc, r-devel-linux-x86_64-fedora-clang, r-devel-linux-x86_64-fedora-gcc

Version: 2.0.4
Check: Rd cross-references
Result: NOTE Undeclared packages ‘timeSeries’, ‘tseries’, ‘car’, ‘gplots’ in Rd xrefs Flavor: r-devel-linux-x86_64-fedora-clang

Version: 2.0.4
Flags: --no-vignettes
Check: Rd files
Result: NOTE checkRd: (-1) CAPM.RiskPremium.Rd:67: Escaped LaTeX specials: \& checkRd: (-1) Return.portfolio.Rd:109: Lost braces in \itemize; meant \describe ? checkRd: (-1) Return.portfolio.Rd:110-113: Lost braces in \itemize; meant \describe ? checkRd: (-1) Return.portfolio.Rd:114-118: Lost braces in \itemize; meant \describe ? checkRd: (-1) Return.portfolio.Rd:119-122: Lost braces in \itemize; meant \describe ? checkRd: (-1) Return.portfolio.Rd:123-129: Lost braces in \itemize; meant \describe ? checkRd: (-1) Return.portfolio.Rd:130-132: Lost braces in \itemize; meant \describe ? checkRd: (-1) chart.ECDF.Rd:31: Escaped LaTeX specials: \# checkRd: (-1) managers.Rd:8: Escaped LaTeX specials: \& Flavor: r-devel-windows-x86_64

Version: 2.0.4
Check: Rd files
Result: NOTE checkRd: (-1) CAPM.RiskPremium.Rd:67: Escaped LaTeX specials: \& checkRd: (-1) chart.ECDF.Rd:31: Escaped LaTeX specials: \# checkRd: (-1) managers.Rd:8: Escaped LaTeX specials: \& Flavors: r-patched-linux-x86_64, r-release-linux-x86_64, r-release-macos-arm64, r-release-macos-x86_64

Version: 2.0.4
Flags: --no-vignettes
Check: Rd files
Result: NOTE checkRd: (-1) CAPM.RiskPremium.Rd:67: Escaped LaTeX specials: \& checkRd: (-1) chart.ECDF.Rd:31: Escaped LaTeX specials: \# checkRd: (-1) managers.Rd:8: Escaped LaTeX specials: \& Flavor: r-release-windows-x86_64