CRAN Package Check Results for Package PerformanceAnalytics

Last updated on 2023-06-02 06:53:52 CEST.

Flavor Version Tinstall Tcheck Ttotal Status Flags
r-devel-linux-x86_64-debian-clang 2.0.4 22.79 362.69 385.48 NOTE
r-devel-linux-x86_64-debian-gcc 2.0.4 19.92 273.00 292.92 NOTE
r-devel-linux-x86_64-fedora-clang 2.0.4 492.24 NOTE
r-devel-linux-x86_64-fedora-gcc 2.0.4 522.00 NOTE
r-devel-windows-x86_64 2.0.4 26.00 202.00 228.00 NOTE --no-vignettes
r-patched-linux-x86_64 2.0.4 NOTE
r-release-linux-x86_64 2.0.4 22.02 349.96 371.98 NOTE
r-release-macos-arm64 2.0.4 186.00 NOTE
r-release-macos-x86_64 2.0.4 317.00 NOTE
r-release-windows-x86_64 2.0.4 32.00 243.00 275.00 NOTE --no-vignettes
r-oldrel-macos-arm64 2.0.4 167.00 OK
r-oldrel-macos-x86_64 2.0.4 214.00 OK
r-oldrel-windows-x86_64 2.0.4 31.00 229.00 260.00 OK --no-vignettes

Additional issues

noLD noSuggests

Check Details

Version: 2.0.4
Check: Rd files
Result: NOTE
    checkRd: (-1) CAPM.RiskPremium.Rd:67: Escaped LaTeX specials: \&
    checkRd: (-1) chart.ECDF.Rd:31: Escaped LaTeX specials: \#
    checkRd: (-1) managers.Rd:8: Escaped LaTeX specials: \&
Flavors: r-devel-linux-x86_64-debian-clang, r-devel-linux-x86_64-debian-gcc, r-devel-linux-x86_64-fedora-clang, r-devel-linux-x86_64-fedora-gcc, r-patched-linux-x86_64, r-release-linux-x86_64, r-release-macos-arm64, r-release-macos-x86_64

Version: 2.0.4
Check: Rd cross-references
Result: NOTE
    Undeclared packages ‘timeSeries’, ‘tseries’, ‘car’, ‘gplots’ in Rd xrefs
Flavor: r-devel-linux-x86_64-fedora-clang

Version: 2.0.4
Flags: --no-vignettes
Check: Rd files
Result: NOTE
    checkRd: (-1) CAPM.RiskPremium.Rd:67: Escaped LaTeX specials: \&
    checkRd: (-1) chart.ECDF.Rd:31: Escaped LaTeX specials: \#
    checkRd: (-1) managers.Rd:8: Escaped LaTeX specials: \&
Flavors: r-devel-windows-x86_64, r-release-windows-x86_64