CRAN Package Check Results for Package PerformanceAnalytics

Last updated on 2020-11-29 06:46:43 CET.

Flavor Version Tinstall Tcheck Ttotal Status Flags
r-devel-linux-x86_64-debian-clang 2.0.4 29.09 344.80 373.89 OK
r-devel-linux-x86_64-debian-gcc 2.0.4 24.90 253.34 278.24 OK
r-devel-linux-x86_64-fedora-clang 2.0.4 440.63 NOTE
r-devel-linux-x86_64-fedora-gcc 2.0.4 440.20 OK
r-devel-windows-ix86+x86_64 2.0.4 48.00 365.00 413.00 OK --no-vignettes
r-patched-linux-x86_64 2.0.4 34.92 324.92 359.84 OK
r-patched-solaris-x86 2.0.4 585.80 OK
r-release-linux-x86_64 2.0.4 35.43 326.21 361.64 OK
r-release-macos-x86_64 2.0.4 OK
r-release-windows-ix86+x86_64 2.0.4 46.00 262.00 308.00 OK --no-vignettes
r-oldrel-macos-x86_64 2.0.4 OK
r-oldrel-windows-ix86+x86_64 2.0.4 43.00 347.00 390.00 OK --no-vignettes

Additional issues

noLD

Check Details

Version: 2.0.4
Check: Rd cross-references
Result: NOTE
    Undeclared packages ‘timeSeries’, ‘tseries’, ‘car’, ‘gplots’ in Rd xrefs
Flavor: r-devel-linux-x86_64-fedora-clang