CRAN Package Check Results for Package PersianStemmer

Last updated on 2024-07-16 07:01:47 CEST.

Flavor Version Tinstall Tcheck Ttotal Status Flags
r-devel-linux-x86_64-debian-clang 1.0 3.82 29.24 33.06 OK
r-devel-linux-x86_64-debian-gcc 1.0 2.85 22.16 25.01 OK
r-devel-linux-x86_64-fedora-clang 1.0 41.97 NOTE
r-devel-linux-x86_64-fedora-gcc 1.0 41.69 NOTE
r-devel-windows-x86_64 1.0 5.00 43.00 48.00 OK
r-patched-linux-x86_64 1.0 2.90 27.18 30.08 OK
r-release-linux-x86_64 1.0 3.66 27.62 31.28 OK
r-release-macos-arm64 1.0 16.00 OK
r-release-macos-x86_64 1.0 24.00 OK
r-release-windows-x86_64 1.0 4.00 41.00 45.00 OK
r-oldrel-macos-arm64 1.0 17.00 OK
r-oldrel-macos-x86_64 1.0 22.00 OK
r-oldrel-windows-x86_64 1.0 5.00 43.00 48.00 OK

Check Details

Version: 1.0
Check: data for non-ASCII characters
Result: NOTE Note: found 1 marked UTF-8 string Flavors: r-devel-linux-x86_64-fedora-clang, r-devel-linux-x86_64-fedora-gcc