CRAN Package Check Results for Package PetfindeR

Last updated on 2022-08-15 06:49:15 CEST.

Flavor Version Tinstall Tcheck Ttotal Status Flags
r-devel-linux-x86_64-debian-clang 2.1.0 3.67 25.97 29.64 NOTE
r-devel-linux-x86_64-debian-gcc 2.1.0 2.52 20.67 23.19 NOTE
r-devel-linux-x86_64-fedora-clang 2.1.0 46.27 NOTE
r-devel-linux-x86_64-fedora-gcc 2.1.0 46.95 NOTE
r-devel-windows-x86_64 2.1.0 14.00 53.00 67.00 NOTE
r-patched-linux-x86_64 2.1.0 2.74 25.60 28.34 NOTE
r-release-linux-x86_64 2.1.0 2.98 25.47 28.45 NOTE
r-release-macos-arm64 2.1.0 17.00 NOTE
r-release-macos-x86_64 2.1.0 24.00 NOTE
r-release-windows-x86_64 2.1.0 17.00 54.00 71.00 NOTE
r-oldrel-macos-arm64 2.1.0 19.00 NOTE
r-oldrel-macos-x86_64 2.1.0 25.00 NOTE
r-oldrel-windows-ix86+x86_64 2.1.0 7.00 49.00 56.00 NOTE

Check Details

Version: 2.1.0
Check: LazyData
Result: NOTE
     'LazyData' is specified without a 'data' directory
Flavors: r-devel-linux-x86_64-debian-clang, r-devel-linux-x86_64-debian-gcc, r-devel-linux-x86_64-fedora-clang, r-devel-linux-x86_64-fedora-gcc, r-devel-windows-x86_64, r-patched-linux-x86_64, r-release-linux-x86_64, r-release-macos-arm64, r-release-macos-x86_64, r-release-windows-x86_64, r-oldrel-macos-arm64, r-oldrel-macos-x86_64, r-oldrel-windows-ix86+x86_64

Version: 2.1.0
Check: dependencies in R code
Result: NOTE
    Namespace in Imports field not imported from: ‘R6’
     All declared Imports should be used.
Flavors: r-devel-linux-x86_64-fedora-clang, r-devel-linux-x86_64-fedora-gcc, r-release-macos-arm64, r-release-macos-x86_64, r-oldrel-macos-arm64, r-oldrel-macos-x86_64