CRAN Package Check Results for Package PhenotypeSimulator

Last updated on 2020-10-28 05:48:41 CET.

Flavor Version Tinstall Tcheck Ttotal Status Flags
r-devel-linux-x86_64-debian-clang 0.3.3 33.40 238.64 272.04 OK
r-devel-linux-x86_64-debian-gcc 0.3.3 25.29 174.52 199.81 OK
r-devel-linux-x86_64-fedora-clang 0.3.3 331.01 NOTE
r-devel-linux-x86_64-fedora-gcc 0.3.3 382.55 OK
r-devel-windows-ix86+x86_64 0.3.3 71.00 405.00 476.00 NOTE
r-patched-linux-x86_64 0.3.3 OK
r-patched-solaris-x86 0.3.3 377.80 NOTE
r-release-linux-x86_64 0.3.3 31.96 225.40 257.36 OK
r-release-macos-x86_64 0.3.3 WARN
r-release-windows-ix86+x86_64 0.3.3 52.00 296.00 348.00 NOTE
r-oldrel-macos-x86_64 0.3.3 WARN
r-oldrel-windows-ix86+x86_64 0.3.3 68.00 384.00 452.00 NOTE

Check Details

Version: 0.3.3
Check: installed package size
Result: NOTE
     installed size is 5.7Mb
     sub-directories of 1Mb or more:
     doc 1.5Mb
     extdata 3.1Mb
Flavors: r-devel-linux-x86_64-fedora-clang, r-devel-windows-ix86+x86_64, r-patched-solaris-x86, r-release-macos-x86_64, r-release-windows-ix86+x86_64, r-oldrel-macos-x86_64, r-oldrel-windows-ix86+x86_64

Version: 0.3.3
Check: re-building of vignette outputs
Result: WARN
    Error(s) in re-building vignettes:
    --- re-building ‘PhenotypeSimulator.Rmd’ using rmarkdown
    Warning in engine$weave(file, quiet = quiet, encoding = enc) :
     Pandoc (>= 1.12.3) and/or pandoc-citeproc not available. Falling back to R Markdown v1.
    --- finished re-building ‘PhenotypeSimulator.Rmd’
    
    --- re-building ‘Sample-scripts-external-genotype-simulation.Rmd’ using rmarkdown
    Warning in engine$weave(file, quiet = quiet, encoding = enc) :
     Pandoc (>= 1.12.3) and/or pandoc-citeproc not available. Falling back to R Markdown v1.
    Error: processing vignette 'Sample-scripts-external-genotype-simulation.Rmd' failed with diagnostics:
    Failed to locate ‘weave’ output file ‘Sample-scripts-external-genotype-simulation.pdf’ or ‘Sample-scripts-external-genotype-simulation.html’ for vignette with name ‘Sample-scripts-external-genotype-simulation’ and engine ‘knitr::rmarkdown’. The following files exist in working directory ‘/Volumes/Builds/packages/high-sierra-x86_64/results/4.0/PhenotypeSimulator.Rcheck/vign_test/PhenotypeSimulator/vignettes’: ‘PhenotypeSimulator.R’ (18561 bytes), ‘PhenotypeSimulator.Rmd’ (30753 bytes), ‘PhenotypeSimulator.html’ (266386 bytes), ‘PhenotypeSimulator.md’ (31815 bytes), ‘Sample-scripts-external-genotype-simulation.R’ (152 bytes), ‘Sample-scripts-external-genotype-simulation.Rmd’ (5727 bytes), ‘Sample-scripts-external-genotype-simulation.md’ (5574 bytes), ‘Simulation-and-LinearModel.Rmd’ (31116 bytes), ‘SimulationAndLinearModel.bib’ (5567 bytes), ‘SimulationBasedOnExampleData.Rmd’ (11673 bytes), ‘Vignette-example-data.bib’ (3946 bytes), ‘genotype-simulation.bib’ (41426 bytes), ‘plos-genetics.csl’ (956 bytes), ‘sample-scripts-external-genotype-simulation.html’ (7839 bytes)
    --- failed re-building ‘Sample-scripts-external-genotype-simulation.Rmd’
    
    --- re-building ‘Simulation-and-LinearModel.Rmd’ using rmarkdown
    Warning in engine$weave(file, quiet = quiet, encoding = enc) :
     Pandoc (>= 1.12.3) and/or pandoc-citeproc not available. Falling back to R Markdown v1.
    --- finished re-building ‘Simulation-and-LinearModel.Rmd’
    
    --- re-building ‘SimulationBasedOnExampleData.Rmd’ using rmarkdown
    Warning in engine$weave(file, quiet = quiet, encoding = enc) :
     Pandoc (>= 1.12.3) and/or pandoc-citeproc not available. Falling back to R Markdown v1.
    --- finished re-building ‘SimulationBasedOnExampleData.Rmd’
    
    SUMMARY: processing the following file failed:
     ‘Sample-scripts-external-genotype-simulation.Rmd’
    
    Error: Vignette re-building failed.
    Execution halted
Flavor: r-release-macos-x86_64

Version: 0.3.3
Check: re-building of vignette outputs
Result: WARN
    Error(s) in re-building vignettes:
    --- re-building ‘PhenotypeSimulator.Rmd’ using rmarkdown
    Warning in engine$weave(file, quiet = quiet, encoding = enc) :
     Pandoc (>= 1.12.3) and/or pandoc-citeproc not available. Falling back to R Markdown v1.
    --- finished re-building ‘PhenotypeSimulator.Rmd’
    
    --- re-building ‘Sample-scripts-external-genotype-simulation.Rmd’ using rmarkdown
    Warning in engine$weave(file, quiet = quiet, encoding = enc) :
     Pandoc (>= 1.12.3) and/or pandoc-citeproc not available. Falling back to R Markdown v1.
    Error: processing vignette 'Sample-scripts-external-genotype-simulation.Rmd' failed with diagnostics:
    Failed to locate the ‘weave’ output file (by engine ‘knitr::rmarkdown’) for vignette with name ‘Sample-scripts-external-genotype-simulation’. The following files exist in directory ‘.’: ‘PhenotypeSimulator.R’, ‘PhenotypeSimulator.Rmd’, ‘PhenotypeSimulator.html’, ‘PhenotypeSimulator.md’, ‘Sample-scripts-external-genotype-simulation.R’, ‘Sample-scripts-external-genotype-simulation.Rmd’, ‘Sample-scripts-external-genotype-simulation.md’, ‘Simulation-and-LinearModel.Rmd’, ‘SimulationAndLinearModel.bib’, ‘SimulationBasedOnExampleData.Rmd’, ‘Vignette-example-data.bib’, ‘genotype-simulation.bib’, ‘plos-genetics.csl’, ‘sample-scripts-external-genotype-simulation.html’
    --- failed re-building ‘Sample-scripts-external-genotype-simulation.Rmd’
    
    --- re-building ‘Simulation-and-LinearModel.Rmd’ using rmarkdown
    Warning in engine$weave(file, quiet = quiet, encoding = enc) :
     Pandoc (>= 1.12.3) and/or pandoc-citeproc not available. Falling back to R Markdown v1.
    --- finished re-building ‘Simulation-and-LinearModel.Rmd’
    
    --- re-building ‘SimulationBasedOnExampleData.Rmd’ using rmarkdown
    Warning in engine$weave(file, quiet = quiet, encoding = enc) :
     Pandoc (>= 1.12.3) and/or pandoc-citeproc not available. Falling back to R Markdown v1.
    --- finished re-building ‘SimulationBasedOnExampleData.Rmd’
    
    SUMMARY: processing the following file failed:
     ‘Sample-scripts-external-genotype-simulation.Rmd’
    
    Error: Vignette re-building failed.
    Execution halted
Flavor: r-oldrel-macos-x86_64