CRAN Package Check Results for Package PieceExpIntensity

Last updated on 2022-10-04 06:56:31 CEST.

Flavor Version Tinstall Tcheck Ttotal Status Flags
r-devel-linux-x86_64-debian-clang 1.0.4 36.72 28.34 65.06 NOTE
r-devel-linux-x86_64-debian-gcc 1.0.4 23.53 22.42 45.95 NOTE
r-devel-linux-x86_64-fedora-clang 1.0.4 96.75 NOTE
r-devel-linux-x86_64-fedora-gcc 1.0.4 88.03 NOTE
r-devel-windows-x86_64 1.0.4 42.00 74.00 116.00 NOTE
r-patched-linux-x86_64 1.0.4 27.04 27.91 54.95 NOTE
r-release-linux-x86_64 1.0.4 28.65 27.64 56.29 NOTE
r-release-macos-arm64 1.0.4 24.00 NOTE
r-release-macos-x86_64 1.0.4 33.00 NOTE
r-release-windows-x86_64 1.0.4 34.00 81.00 115.00 NOTE
r-oldrel-macos-arm64 1.0.4 29.00 NOTE
r-oldrel-macos-x86_64 1.0.4 49.00 NOTE
r-oldrel-windows-ix86+x86_64 1.0.4 80.00 83.00 163.00 NOTE

Check Details

Version: 1.0.4
Check: LazyData
Result: NOTE
     'LazyData' is specified without a 'data' directory
Flavors: r-devel-linux-x86_64-debian-clang, r-devel-linux-x86_64-debian-gcc, r-devel-linux-x86_64-fedora-clang, r-devel-linux-x86_64-fedora-gcc, r-devel-windows-x86_64, r-patched-linux-x86_64, r-release-linux-x86_64, r-release-macos-arm64, r-release-macos-x86_64, r-release-windows-x86_64, r-oldrel-macos-arm64, r-oldrel-macos-x86_64, r-oldrel-windows-ix86+x86_64