Last updated on 2023-02-03 06:50:28 CET.
Flavor | Version | Tinstall | Tcheck | Ttotal | Status | Flags |
---|---|---|---|---|---|---|
r-devel-linux-x86_64-debian-clang | 1.0.4 | 28.39 | 27.51 | 55.90 | NOTE | |
r-devel-linux-x86_64-debian-gcc | 1.0.4 | 22.92 | 21.45 | 44.37 | NOTE | |
r-devel-linux-x86_64-fedora-clang | 1.0.4 | 85.61 | NOTE | |||
r-devel-linux-x86_64-fedora-gcc | 1.0.4 | 80.66 | NOTE | |||
r-patched-linux-x86_64 | 1.0.4 | 24.26 | 28.11 | 52.37 | NOTE | |
r-release-linux-x86_64 | 1.0.4 | 29.67 | 27.46 | 57.13 | NOTE | |
r-release-macos-arm64 | 1.0.4 | 24.00 | NOTE | |||
r-release-macos-x86_64 | 1.0.4 | 33.00 | NOTE | |||
r-release-windows-x86_64 | 1.0.4 | 42.00 | 86.00 | 128.00 | NOTE | |
r-oldrel-macos-arm64 | 1.0.4 | 29.00 | NOTE | |||
r-oldrel-macos-x86_64 | 1.0.4 | 49.00 | NOTE | |||
r-oldrel-windows-ix86+x86_64 | 1.0.4 | 81.00 | 76.00 | 157.00 | NOTE |
Version: 1.0.4
Check: LazyData
Result: NOTE
'LazyData' is specified without a 'data' directory
Flavors: r-devel-linux-x86_64-debian-clang, r-devel-linux-x86_64-debian-gcc, r-devel-linux-x86_64-fedora-clang, r-devel-linux-x86_64-fedora-gcc, r-patched-linux-x86_64, r-release-linux-x86_64, r-release-macos-arm64, r-release-macos-x86_64, r-release-windows-x86_64, r-oldrel-macos-arm64, r-oldrel-macos-x86_64, r-oldrel-windows-ix86+x86_64