CRAN Package Check Results for Package PlaneGeometry

Last updated on 2022-09-28 06:54:14 CEST.

Flavor Version Tinstall Tcheck Ttotal Status Flags
r-devel-linux-x86_64-debian-clang 1.3.1 19.30 233.54 252.84 OK
r-devel-linux-x86_64-debian-gcc 1.3.1 20.54 159.13 179.67 OK
r-devel-linux-x86_64-fedora-clang 1.3.1 310.14 NOTE
r-devel-linux-x86_64-fedora-gcc 1.3.1 299.34 OK
r-devel-windows-x86_64 1.3.1 106.00 272.00 378.00 NOTE
r-patched-linux-x86_64 1.3.1 23.87 207.15 231.02 OK
r-release-linux-x86_64 1.3.1 23.27 207.54 230.81 OK
r-release-macos-arm64 1.3.1 86.00 NOTE
r-release-macos-x86_64 1.3.1 105.00 NOTE
r-release-windows-x86_64 1.3.1 115.00 249.00 364.00 NOTE
r-oldrel-macos-arm64 1.3.1 93.00 NOTE
r-oldrel-macos-x86_64 1.3.1 94.00 NOTE
r-oldrel-windows-ix86+x86_64 1.3.1 36.00 271.00 307.00 NOTE

Check Details

Version: 1.3.1
Check: installed package size
Result: NOTE
     installed size is 7.0Mb
     sub-directories of 1Mb or more:
     doc 5.9Mb
Flavors: r-devel-linux-x86_64-fedora-clang, r-devel-windows-x86_64, r-release-macos-arm64, r-release-macos-x86_64, r-release-windows-x86_64, r-oldrel-macos-arm64, r-oldrel-macos-x86_64, r-oldrel-windows-ix86+x86_64