CRAN Package Check Results for Package Plasmidprofiler

Last updated on 2022-12-04 06:49:26 CET.

Flavor Version Tinstall Tcheck Ttotal Status Flags
r-devel-linux-x86_64-debian-clang 0.1.6 9.38 82.44 91.82 NOTE
r-devel-linux-x86_64-debian-gcc 0.1.6 5.87 60.41 66.28 NOTE
r-devel-linux-x86_64-fedora-clang 0.1.6 117.63 NOTE
r-devel-linux-x86_64-fedora-gcc 0.1.6 113.98 NOTE
r-devel-windows-x86_64 0.1.6 39.00 111.00 150.00 OK
r-patched-linux-x86_64 0.1.6 6.71 75.04 81.75 NOTE
r-release-linux-x86_64 0.1.6 7.87 76.92 84.79 NOTE
r-release-macos-arm64 0.1.6 30.00 OK
r-release-macos-x86_64 0.1.6 55.00 OK
r-release-windows-x86_64 0.1.6 41.00 112.00 153.00 OK
r-oldrel-macos-arm64 0.1.6 33.00 OK
r-oldrel-macos-x86_64 0.1.6 44.00 OK
r-oldrel-windows-ix86+x86_64 0.1.6 23.00 106.00 129.00 OK

Check Details

Version: 0.1.6
Check: for non-standard things in the check directory
Result: NOTE
    Found the following files/directories:
     'P2Run.csv' 'P2Run.html' 'P2Run.png'
Flavors: r-devel-linux-x86_64-debian-clang, r-devel-linux-x86_64-debian-gcc, r-devel-linux-x86_64-fedora-clang, r-devel-linux-x86_64-fedora-gcc, r-patched-linux-x86_64, r-release-linux-x86_64