CRAN Package Check Results for Package Plasmode

Last updated on 2021-04-17 06:46:52 CEST.

Flavor Version Tinstall Tcheck Ttotal Status Flags
r-devel-linux-x86_64-debian-clang 0.1.0 8.33 73.70 82.03 NOTE
r-devel-linux-x86_64-debian-gcc 0.1.0 7.59 57.61 65.20 NOTE
r-devel-linux-x86_64-fedora-clang 0.1.0 109.93 NOTE
r-devel-linux-x86_64-fedora-gcc 0.1.0 99.60 NOTE
r-devel-windows-ix86+x86_64 0.1.0 21.00 92.00 113.00 NOTE
r-devel-windows-x86_64-gcc10-UCRT 0.1.0 NOTE
r-patched-linux-x86_64 0.1.0 8.73 68.81 77.54 OK
r-patched-solaris-x86 0.1.0 146.40 NOTE
r-release-linux-x86_64 0.1.0 8.16 68.99 77.15 OK
r-release-macos-x86_64 0.1.0 NOTE
r-release-windows-ix86+x86_64 0.1.0 20.00 99.00 119.00 OK
r-oldrel-macos-x86_64 0.1.0 NOTE
r-oldrel-windows-ix86+x86_64 0.1.0 14.00 88.00 102.00 OK

Check Details

Version: 0.1.0
Check: LazyData
Result: NOTE
     'LazyData' is specified without a 'data' directory
Flavors: r-devel-linux-x86_64-debian-clang, r-devel-linux-x86_64-debian-gcc, r-devel-linux-x86_64-fedora-clang, r-devel-linux-x86_64-fedora-gcc, r-devel-windows-ix86+x86_64, r-devel-windows-x86_64-gcc10-UCRT

Version: 0.1.0
Check: dependencies in R code
Result: NOTE
    Namespaces in Imports field not imported from:
     ‘MASS’ ‘Matrix’ ‘RColorBrewer’ ‘arm’ ‘epiDisplay’ ‘foreign’ ‘gbm’
     ‘grid’ ‘lattice’ ‘latticeExtra’ ‘lme4’ ‘nnet’ ‘parallel’ ‘splines’
     ‘survey’ ‘twang’ ‘xtable’
     All declared Imports should be used.
Flavors: r-devel-linux-x86_64-fedora-clang, r-devel-linux-x86_64-fedora-gcc, r-devel-windows-x86_64-gcc10-UCRT, r-patched-solaris-x86, r-release-macos-x86_64, r-oldrel-macos-x86_64