CRAN Package Check Results for Package Platypus

Last updated on 2022-07-04 06:51:31 CEST.

Flavor Version Tinstall Tcheck Ttotal Status Flags
r-devel-linux-x86_64-debian-clang 3.3.5 56.63 318.08 374.71 OK
r-devel-linux-x86_64-debian-gcc 3.3.5 45.92 227.02 272.94 OK
r-devel-linux-x86_64-fedora-clang 3.3.5 466.60 WARN
r-devel-linux-x86_64-fedora-gcc 3.3.5 444.18 WARN
r-devel-windows-x86_64 3.3.5 132.00 331.00 463.00 OK
r-patched-linux-x86_64 3.3.5 47.67 301.24 348.91 OK
r-release-linux-x86_64 3.3.5 45.78 295.74 341.52 OK
r-release-macos-arm64 3.3.5 100.00 NOTE
r-release-macos-x86_64 3.3.5 167.00 NOTE
r-release-windows-x86_64 3.3.5 163.00 336.00 499.00 OK
r-oldrel-macos-arm64 3.3.5 79.00 NOTE
r-oldrel-macos-x86_64 3.3.5 133.00 NOTE
r-oldrel-windows-ix86+x86_64 3.3.5 88.00 338.00 426.00 OK

Check Details

Version: 3.3.5
Check: package dependencies
Result: WARN
    Requires (indirectly) orphaned package: ‘gtools’
Flavors: r-devel-linux-x86_64-fedora-clang, r-devel-linux-x86_64-fedora-gcc

Version: 3.3.5
Check: dependencies in R code
Result: NOTE
    Namespace in Imports field not imported from: ‘knitr’
     All declared Imports should be used.
Flavors: r-devel-linux-x86_64-fedora-clang, r-devel-linux-x86_64-fedora-gcc, r-release-macos-arm64, r-release-macos-x86_64, r-oldrel-macos-arm64, r-oldrel-macos-x86_64