CRAN Package Check Results for Package PoDBAY

Last updated on 2022-01-25 06:48:44 CET.

Flavor Version Tinstall Tcheck Ttotal Status Flags
r-devel-linux-x86_64-debian-clang 1.4.3 21.38 141.97 163.35 OK
r-devel-linux-x86_64-debian-gcc 1.4.3 18.09 112.01 130.10 OK
r-devel-linux-x86_64-fedora-clang 1.4.3 203.76 NOTE
r-devel-linux-x86_64-fedora-gcc 1.4.3 188.27 NOTE
r-devel-windows-x86_64-new-UL 1.4.3 96.00 237.00 333.00 OK
r-devel-windows-x86_64-new-TK 1.4.3 NOTE
r-patched-linux-x86_64 1.4.3 17.86 128.34 146.20 OK
r-release-linux-x86_64 1.4.3 18.69 128.45 147.14 OK
r-release-macos-arm64 1.4.3 NOTE
r-release-macos-x86_64 1.4.3 NOTE
r-release-windows-ix86+x86_64 1.4.3 55.00 243.00 298.00 OK
r-oldrel-macos-x86_64 1.4.3 NOTE
r-oldrel-windows-ix86+x86_64 1.4.3 56.00 241.00 297.00 OK

Check Details

Version: 1.4.3
Check: dependencies in R code
Result: NOTE
    Namespace in Imports field not imported from: ‘dplyr’
     All declared Imports should be used.
Flavors: r-devel-linux-x86_64-fedora-clang, r-devel-linux-x86_64-fedora-gcc, r-devel-windows-x86_64-new-TK, r-release-macos-arm64, r-release-macos-x86_64, r-oldrel-macos-x86_64