Last updated on 2023-02-02 06:55:01 CET.
Flavor | Version | Tinstall | Tcheck | Ttotal | Status | Flags |
---|---|---|---|---|---|---|
r-devel-linux-x86_64-debian-clang | 1.4.3 | 22.87 | 135.70 | 158.57 | OK | |
r-devel-linux-x86_64-debian-gcc | 1.4.3 | 18.51 | 97.43 | 115.94 | OK | |
r-devel-linux-x86_64-fedora-clang | 1.4.3 | 210.84 | NOTE | |||
r-devel-linux-x86_64-fedora-gcc | 1.4.3 | 223.82 | NOTE | |||
r-devel-windows-x86_64 | 1.4.3 | 69.00 | 227.00 | 296.00 | OK | |
r-patched-linux-x86_64 | 1.4.3 | 21.85 | 128.12 | 149.97 | OK | |
r-release-linux-x86_64 | 1.4.3 | 18.98 | 130.04 | 149.02 | OK | |
r-release-macos-arm64 | 1.4.3 | 64.00 | NOTE | |||
r-release-macos-x86_64 | 1.4.3 | 116.00 | NOTE | |||
r-release-windows-x86_64 | 1.4.3 | 66.00 | 227.00 | 293.00 | OK | |
r-oldrel-macos-arm64 | 1.4.3 | 60.00 | NOTE | |||
r-oldrel-macos-x86_64 | 1.4.3 | 81.00 | NOTE | |||
r-oldrel-windows-ix86+x86_64 | 1.4.3 | 60.00 | 258.00 | 318.00 | OK |
Version: 1.4.3
Check: dependencies in R code
Result: NOTE
Namespace in Imports field not imported from: ‘dplyr’
All declared Imports should be used.
Flavors: r-devel-linux-x86_64-fedora-clang, r-devel-linux-x86_64-fedora-gcc, r-release-macos-arm64, r-release-macos-x86_64, r-oldrel-macos-arm64, r-oldrel-macos-x86_64