Last updated on 2023-06-01 06:58:42 CEST.
Flavor | Version | Tinstall | Tcheck | Ttotal | Status | Flags |
---|---|---|---|---|---|---|
r-devel-linux-x86_64-debian-clang | 1.0.1 | 364.63 | 48.58 | 413.21 | OK | |
r-devel-linux-x86_64-debian-gcc | 1.0.1 | 318.55 | 39.03 | 357.58 | OK | |
r-devel-linux-x86_64-fedora-clang | 1.0.1 | 592.71 | OK | |||
r-devel-linux-x86_64-fedora-gcc | 1.0.1 | 692.28 | OK | |||
r-devel-windows-x86_64 | 1.0.1 | 263.00 | 111.00 | 374.00 | OK | |
r-patched-linux-x86_64 | 1.0.1 | OK | ||||
r-release-linux-x86_64 | 1.0.1 | 333.63 | 49.54 | 383.17 | OK | |
r-release-macos-arm64 | 1.0.1 | 179.00 | NOTE | |||
r-release-macos-x86_64 | 1.0.1 | 284.00 | NOTE | |||
r-release-windows-x86_64 | 1.0.1 | 350.00 | 117.00 | 467.00 | OK | |
r-oldrel-macos-arm64 | 1.0.1 | 175.00 | NOTE | |||
r-oldrel-macos-x86_64 | 1.0.1 | 188.00 | NOTE | |||
r-oldrel-windows-x86_64 | 1.0.1 | 333.00 | 112.00 | 445.00 | OK |
Version: 1.0.1
Check: installed package size
Result: NOTE
installed size is 58.8Mb
sub-directories of 1Mb or more:
libs 58.6Mb
Flavors: r-release-macos-arm64, r-release-macos-x86_64, r-oldrel-macos-arm64, r-oldrel-macos-x86_64