CRAN Package Check Results for Package PredictABEL

Last updated on 2024-06-12 07:57:13 CEST.

Flavor Version Tinstall Tcheck Ttotal Status Flags
r-devel-linux-x86_64-debian-clang 1.2-4 9.39 92.79 102.18 OK
r-devel-linux-x86_64-debian-gcc 1.2-4 7.89 69.78 77.67 OK
r-devel-linux-x86_64-fedora-clang 1.2-4 135.93 NOTE
r-devel-linux-x86_64-fedora-gcc 1.2-4 122.73 NOTE
r-devel-windows-x86_64 1.2-4 9.00 100.00 109.00 OK
r-patched-linux-x86_64 1.2-4 6.60 88.65 95.25 OK
r-release-linux-x86_64 1.2-4 6.25 88.02 94.27 OK
r-release-macos-arm64 1.2-4 51.00 OK
r-release-macos-x86_64 1.2-4 60.00 OK
r-release-windows-x86_64 1.2-4 10.00 86.00 96.00 OK
r-oldrel-macos-arm64 1.2-4 44.00 OK
r-oldrel-macos-x86_64 1.2-4 68.00 OK
r-oldrel-windows-x86_64 1.2-4 11.00 105.00 116.00 OK

Check Details

Version: 1.2-4
Check: dependencies in R code
Result: NOTE Namespace in Imports field not imported from: ‘lazyeval’ All declared Imports should be used. Flavors: r-devel-linux-x86_64-fedora-clang, r-devel-linux-x86_64-fedora-gcc