Last updated on 2022-06-26 06:50:45 CEST.
Flavor | Version | Tinstall | Tcheck | Ttotal | Status | Flags |
---|---|---|---|---|---|---|
r-devel-linux-x86_64-debian-clang | 1.0-12 | 7.11 | 64.84 | 71.95 | NOTE | |
r-devel-linux-x86_64-debian-gcc | 1.0-12 | 6.22 | 50.81 | 57.03 | NOTE | |
r-devel-linux-x86_64-fedora-clang | 1.0-12 | 97.35 | NOTE | |||
r-devel-linux-x86_64-fedora-gcc | 1.0-12 | 98.61 | NOTE | |||
r-devel-windows-x86_64 | 1.0-12 | 15.00 | 92.00 | 107.00 | NOTE | |
r-patched-linux-x86_64 | 1.0-12 | 8.31 | 64.60 | 72.91 | NOTE | |
r-release-linux-x86_64 | 1.0-12 | 6.44 | 64.29 | 70.73 | NOTE | |
r-release-macos-arm64 | 1.0-12 | 28.00 | NOTE | |||
r-release-macos-x86_64 | 1.0-12 | 42.00 | NOTE | |||
r-release-windows-x86_64 | 1.0-12 | 14.00 | 87.00 | 101.00 | NOTE | |
r-oldrel-macos-arm64 | 1.0-12 | 36.00 | NOTE | |||
r-oldrel-macos-x86_64 | 1.0-12 | 51.00 | NOTE | |||
r-oldrel-windows-ix86+x86_64 | 1.0-12 | 17.00 | 84.00 | 101.00 | NOTE |
Version: 1.0-12
Check: LazyData
Result: NOTE
'LazyData' is specified without a 'data' directory
Flavors: r-devel-linux-x86_64-debian-clang, r-devel-linux-x86_64-debian-gcc, r-devel-linux-x86_64-fedora-clang, r-devel-linux-x86_64-fedora-gcc, r-devel-windows-x86_64, r-patched-linux-x86_64, r-release-linux-x86_64, r-release-macos-arm64, r-release-macos-x86_64, r-release-windows-x86_64, r-oldrel-macos-arm64, r-oldrel-macos-x86_64, r-oldrel-windows-ix86+x86_64