CRAN Package Check Results for Package PriceIndices

Last updated on 2022-09-29 06:54:29 CEST.

Flavor Version Tinstall Tcheck Ttotal Status Flags
r-devel-linux-x86_64-debian-clang 0.1.1 19.85 276.92 296.77 OK
r-devel-linux-x86_64-debian-gcc 0.1.1 20.31 200.35 220.66 OK
r-devel-linux-x86_64-fedora-clang 0.1.1 13.08 ERROR
r-devel-linux-x86_64-fedora-gcc 0.1.1 358.92 NOTE
r-devel-windows-x86_64 0.1.1 216.00 334.00 550.00 OK
r-patched-linux-x86_64 0.1.1 25.61 255.74 281.35 OK
r-release-linux-x86_64 0.1.1 17.95 255.02 272.97 OK
r-release-macos-arm64 0.1.1 87.00 NOTE
r-release-macos-x86_64 0.1.1 109.00 NOTE
r-release-windows-x86_64 0.1.1 215.00 292.00 507.00 OK
r-oldrel-macos-arm64 0.1.1 82.00 NOTE
r-oldrel-macos-x86_64 0.1.1 109.00 NOTE
r-oldrel-windows-ix86+x86_64 0.1.1 40.00 314.00 354.00 OK

Check Details

Version: 0.1.1
Check: package dependencies
Result: ERROR
    Package required but not available: ‘reclin’
    
    See section ‘The DESCRIPTION file’ in the ‘Writing R Extensions’
    manual.
Flavor: r-devel-linux-x86_64-fedora-clang

Version: 0.1.1
Check: data for non-ASCII characters
Result: NOTE
     Note: found 93457 marked UTF-8 strings
Flavors: r-devel-linux-x86_64-fedora-gcc, r-release-macos-arm64, r-release-macos-x86_64, r-oldrel-macos-arm64, r-oldrel-macos-x86_64