CRAN Package Check Results for Package PriorGen

Last updated on 2022-06-29 06:53:34 CEST.

Flavor Version Tinstall Tcheck Ttotal Status Flags
r-devel-linux-x86_64-debian-clang 1.1.2 2.38 21.49 23.87 NOTE
r-devel-linux-x86_64-debian-gcc 1.1.2 1.73 16.94 18.67 NOTE
r-devel-linux-x86_64-fedora-clang 1.1.2 40.26 NOTE
r-devel-linux-x86_64-fedora-gcc 1.1.2 39.21 NOTE
r-devel-windows-x86_64 1.1.2 10.00 47.00 57.00 NOTE
r-patched-linux-x86_64 1.1.2 2.07 20.98 23.05 NOTE
r-release-linux-x86_64 1.1.2 1.84 21.38 23.22 NOTE
r-release-macos-arm64 1.1.2 15.00 NOTE
r-release-macos-x86_64 1.1.2 19.00 NOTE
r-release-windows-x86_64 1.1.2 5.00 44.00 49.00 NOTE
r-oldrel-macos-arm64 1.1.2 18.00 NOTE
r-oldrel-macos-x86_64 1.1.2 24.00 NOTE
r-oldrel-windows-ix86+x86_64 1.1.2 4.00 35.00 39.00 NOTE

Check Details

Version: 1.1.2
Check: LazyData
Result: NOTE
     'LazyData' is specified without a 'data' directory
Flavors: r-devel-linux-x86_64-debian-clang, r-devel-linux-x86_64-debian-gcc, r-devel-linux-x86_64-fedora-clang, r-devel-linux-x86_64-fedora-gcc, r-devel-windows-x86_64, r-patched-linux-x86_64, r-release-linux-x86_64, r-release-macos-arm64, r-release-macos-x86_64, r-release-windows-x86_64, r-oldrel-macos-arm64, r-oldrel-macos-x86_64, r-oldrel-windows-ix86+x86_64