CRAN Package Check Results for Package ProFit

Last updated on 2020-09-27 06:46:41 CEST.

Flavor Version Tinstall Tcheck Ttotal Status Flags
r-devel-linux-x86_64-debian-clang 1.3.3 71.81 110.88 182.69 OK
r-devel-linux-x86_64-debian-gcc 1.3.3 51.00 81.41 132.41 OK
r-devel-linux-x86_64-fedora-clang 1.3.3 248.83 NOTE
r-devel-linux-x86_64-fedora-gcc 1.3.3 222.69 OK
r-devel-windows-ix86+x86_64 1.3.3 105.00 199.00 304.00 NOTE
r-patched-linux-x86_64 1.3.3 56.34 106.35 162.69 OK
r-patched-solaris-x86 1.3.3 294.20 NOTE
r-release-linux-x86_64 1.3.3 56.84 104.86 161.70 OK
r-release-macos-x86_64 1.3.3 NOTE
r-release-windows-ix86+x86_64 1.3.3 90.00 193.00 283.00 NOTE
r-oldrel-macos-x86_64 1.3.3 WARN
r-oldrel-windows-ix86+x86_64 1.3.3 109.00 184.00 293.00 NOTE

Check Details

Version: 1.3.3
Check: installed package size
Result: NOTE
     installed size is 14.8Mb
     sub-directories of 1Mb or more:
     extdata 7.4Mb
     libs 6.3Mb
Flavors: r-devel-linux-x86_64-fedora-clang, r-devel-windows-ix86+x86_64, r-patched-solaris-x86, r-release-macos-x86_64, r-release-windows-ix86+x86_64, r-oldrel-macos-x86_64, r-oldrel-windows-ix86+x86_64

Version: 1.3.3
Check: dependencies in R code
Result: NOTE
    No protocol specified
    No protocol specified
Flavor: r-oldrel-macos-x86_64

Version: 1.3.3
Check: S3 generic/method consistency
Result: WARN
    No protocol specified
    No protocol specified
    See section ‘Generic functions and methods’ in the ‘Writing R
    Extensions’ manual.
Flavor: r-oldrel-macos-x86_64

Version: 1.3.3
Check: replacement functions
Result: WARN
    No protocol specified
    No protocol specified
    The argument of a replacement function which corresponds to the right
    hand side must be named ‘value’.
Flavor: r-oldrel-macos-x86_64

Version: 1.3.3
Check: foreign function calls
Result: NOTE
    No protocol specified
    No protocol specified
    See chapter ‘System and foreign language interfaces’ in the ‘Writing R
    Extensions’ manual.
Flavor: r-oldrel-macos-x86_64

Version: 1.3.3
Check: R code for possible problems
Result: NOTE
    No protocol specified
    No protocol specified
Flavor: r-oldrel-macos-x86_64

Version: 1.3.3
Check: for missing documentation entries
Result: WARN
    No protocol specified
    No protocol specified
    All user-level objects in a package should have documentation entries.
    See chapter ‘Writing R documentation files’ in the ‘Writing R
    Extensions’ manual.
Flavor: r-oldrel-macos-x86_64

Version: 1.3.3
Check: for code/documentation mismatches
Result: WARN
    No protocol specified
    No protocol specified
    No protocol specified
    No protocol specified
    No protocol specified
    No protocol specified
Flavor: r-oldrel-macos-x86_64

Version: 1.3.3
Check: Rd \usage sections
Result: NOTE
    No protocol specified
    No protocol specified
    The \usage entries for S3 methods should use the \method markup and not
    their full name.
    See chapter ‘Writing R documentation files’ in the ‘Writing R
    Extensions’ manual.
Flavor: r-oldrel-macos-x86_64