Last updated on 2023-03-26 06:53:33 CEST.
Flavor | Version | Tinstall | Tcheck | Ttotal | Status | Flags |
---|---|---|---|---|---|---|
r-devel-linux-x86_64-debian-clang | 1.1.8 | 173.99 | 97.08 | 271.07 | NOTE | |
r-devel-linux-x86_64-debian-gcc | 1.1.8 | 120.11 | 70.51 | 190.62 | NOTE | |
r-devel-linux-x86_64-fedora-gcc | 1.1.8 | 340.24 | NOTE | |||
r-devel-windows-x86_64 | 1.1.8 | 167.00 | 145.00 | 312.00 | NOTE | |
r-patched-linux-x86_64 | 1.1.8 | 129.06 | 89.29 | 218.35 | NOTE | |
r-release-linux-x86_64 | 1.1.8 | 107.70 | 92.40 | 200.10 | OK | |
r-release-macos-arm64 | 1.1.8 | 113.00 | OK | |||
r-release-macos-x86_64 | 1.1.8 | 116.00 | OK | |||
r-release-windows-x86_64 | 1.1.8 | 459.00 | 151.00 | 610.00 | OK | |
r-oldrel-macos-arm64 | 1.1.8 | 92.00 | OK | |||
r-oldrel-macos-x86_64 | 1.1.8 | 107.00 | OK | |||
r-oldrel-windows-ix86+x86_64 | 1.1.8 | 396.00 | 177.00 | 573.00 | OK |
Version: 1.1.8
Check: C++ specification
Result: NOTE
Specified C++11: please drop specification unless essential
Flavors: r-devel-linux-x86_64-debian-clang, r-devel-linux-x86_64-debian-gcc, r-devel-linux-x86_64-fedora-gcc, r-devel-windows-x86_64, r-patched-linux-x86_64